CRAN Package Check Results for Package rgbif

Last updated on 2019-09-21 00:52:51 CEST.

Flavor Version Tinstall Tcheck Ttotal Status Flags
r-devel-linux-x86_64-debian-clang 1.3.0 11.86 229.25 241.11 OK
r-devel-linux-x86_64-debian-gcc 1.3.0 10.06 189.33 199.39 OK
r-devel-linux-x86_64-fedora-clang 1.3.0 314.39 OK
r-devel-linux-x86_64-fedora-gcc 1.3.0 306.42 OK
r-devel-windows-ix86+x86_64 1.3.0 45.00 227.00 272.00 OK
r-patched-linux-x86_64 1.3.0 11.84 246.63 258.47 OK
r-patched-solaris-x86 1.3.0 412.80 OK
r-release-linux-x86_64 1.3.0 11.94 249.04 260.98 OK
r-release-windows-ix86+x86_64 1.3.0 21.00 313.00 334.00 OK
r-release-osx-x86_64 1.3.0 OK
r-oldrel-windows-ix86+x86_64 1.3.0 13.00 246.00 259.00 WARN
r-oldrel-osx-x86_64 1.3.0 OK

Check Details

Version: 1.3.0
Check: whether package can be installed
Result: WARN
    Found the following significant warnings:
     Warning: S3 methods '[.fun_list', '[.grouped_df', 'all.equal.tbl_df', 'anti_join.data.frame', 'anti_join.tbl_df', 'arrange.data.frame', 'arrange.default', 'arrange.grouped_df', 'arrange.tbl_df', 'arrange_.data.frame', 'arrange_.tbl_df', 'as.data.frame.grouped_df', 'as.data.frame.rowwise_df', 'as.data.frame.tbl_cube', 'as.table.tbl_cube', 'as.tbl.data.frame', 'as.tbl.tbl', 'as.tbl_cube.array', 'as.tbl_cube.data.frame', 'as.tbl_cube.matrix', 'as.tbl_cube.table', 'as_tibble.grouped_df', 'as_tibble.tbl_cube', 'auto_copy.tbl_cube', 'auto_copy.tbl_df', 'cbind.grouped_df', 'collapse.data.frame', 'collect.data.frame', 'common_by.NULL', 'common_by.character', 'common_by.default', 'common_by.list', 'compute.data.frame', 'copy_to.DBIConnection', 'copy_to.src_local', 'default_missing.data.frame', 'default_missing.default', 'dim.tbl_cube', 'distinct.data.frame', 'distinct.default', 'distinct.grouped_df', 'distinct.tbl_df', 'distinct_.data.frame', 'distinct_.grouped_df', 'distinct_.tbl_df', 'do.NULL', 'do.da [... truncated]
Flavor: r-oldrel-windows-ix86+x86_64