CRAN Package Check Results for Package rgdal

Last updated on 2019-09-21 00:52:51 CEST.

Flavor Version Tinstall Tcheck Ttotal Status Flags
r-devel-linux-x86_64-debian-clang 1.4-4 30.57 79.88 110.45 WARN
r-devel-linux-x86_64-debian-gcc 1.4-4 21.48 64.67 86.15 WARN
r-devel-linux-x86_64-fedora-clang 1.4-4 142.93 WARN
r-devel-linux-x86_64-fedora-gcc 1.4-4 136.50 WARN
r-devel-windows-ix86+x86_64 1.4-4 145.00 405.00 550.00 NOTE
r-patched-linux-x86_64 1.4-4 24.23 78.88 103.11 WARN
r-patched-solaris-x86 1.4-4 173.70 OK
r-release-linux-x86_64 1.4-4 25.11 80.72 105.83 WARN
r-release-windows-ix86+x86_64 1.4-4 127.00 482.00 609.00 NOTE
r-release-osx-x86_64 1.4-4 NOTE
r-oldrel-windows-ix86+x86_64 1.4-4 123.00 497.00 620.00 NOTE
r-oldrel-osx-x86_64 1.4-4 NOTE

Additional issues

valgrind

Check Details

Version: 1.4-4
Check: whether package can be installed
Result: WARN
    Found the following significant warnings:
     'config' variable 'CPP' is deprecated
     inverser.c:16:56: warning: ISO C requires a translation unit to contain at least one declaration [-Wempty-translation-unit]
Flavor: r-devel-linux-x86_64-debian-clang

Version: 1.4-4
Check: whether package can be installed
Result: WARN
    Found the following significant warnings:
     'config' variable 'CPP' is deprecated
     inverser.c:16: warning: ISO C forbids an empty translation unit [-Wpedantic]
Flavor: r-devel-linux-x86_64-debian-gcc

Version: 1.4-4
Check: whether package can be installed
Result: WARN
    Found the following significant warnings:
     'config' variable 'CPP' is deprecated
Flavors: r-devel-linux-x86_64-fedora-clang, r-devel-linux-x86_64-fedora-gcc

Version: 1.4-4
Check: installed package size
Result: NOTE
     installed size is 80.3Mb
     sub-directories of 1Mb or more:
     gdal 3.9Mb
     libs 68.7Mb
     pictures 1.3Mb
     proj 5.0Mb
Flavors: r-devel-windows-ix86+x86_64, r-release-windows-ix86+x86_64, r-release-osx-x86_64, r-oldrel-windows-ix86+x86_64, r-oldrel-osx-x86_64

Version: 1.4-4
Check: whether package can be installed
Result: WARN
    Found the following significant warnings:
     inverser.c:16: warning: ISO C forbids an empty translation unit [-Wpedantic]
Flavors: r-patched-linux-x86_64, r-release-linux-x86_64