CRAN Package Check Results for Package rgdal

Last updated on 2020-02-20 00:54:25 CET.

Flavor Version Tinstall Tcheck Ttotal Status Flags
r-devel-linux-x86_64-debian-clang 1.4-8 32.97 89.52 122.49 OK
r-devel-linux-x86_64-debian-gcc 1.4-8 21.18 69.45 90.63 OK
r-devel-linux-x86_64-fedora-clang 1.4-8 155.43 OK
r-devel-linux-x86_64-fedora-gcc 1.4-8 148.63 OK
r-devel-windows-ix86+x86_64 1.4-8 149.00 408.00 557.00 NOTE
r-devel-windows-ix86+x86_64-gcc8 1.4-8 153.00 383.00 536.00 NOTE
r-patched-linux-x86_64 1.4-8 28.05 80.39 108.44 OK
r-patched-solaris-x86 1.4-8 185.80 OK
r-release-linux-x86_64 1.4-8 26.63 81.72 108.35 OK
r-release-windows-ix86+x86_64 1.4-8 126.00 392.00 518.00 NOTE
r-release-osx-x86_64 1.4-8 NOTE
r-oldrel-windows-ix86+x86_64 1.4-8 140.00 416.00 556.00 NOTE
r-oldrel-osx-x86_64 1.4-8 NOTE

Check Details

Version: 1.4-8
Check: installed package size
Result: NOTE
     installed size is 80.3Mb
     sub-directories of 1Mb or more:
     gdal 3.9Mb
     libs 68.7Mb
     pictures 1.3Mb
     proj 5.0Mb
Flavors: r-devel-windows-ix86+x86_64, r-devel-windows-ix86+x86_64-gcc8, r-release-windows-ix86+x86_64, r-release-osx-x86_64, r-oldrel-windows-ix86+x86_64, r-oldrel-osx-x86_64