CRAN Package Check Results for Package rglwidget

Last updated on 2019-12-16 00:49:07 CET.

Flavor Version Tinstall Tcheck Ttotal Status Flags
r-devel-linux-x86_64-debian-clang 0.2.1 3.31 27.88 31.19 OK
r-devel-linux-x86_64-debian-gcc 0.2.1 2.88 22.78 25.66 OK
r-devel-linux-x86_64-fedora-clang 0.2.1 38.68 OK
r-devel-linux-x86_64-fedora-gcc 0.2.1 39.99 OK
r-devel-windows-ix86+x86_64 0.2.1 12.00 70.00 82.00 OK
r-devel-windows-ix86+x86_64-gcc8 0.2.1 14.00 64.00 78.00 OK
r-patched-linux-x86_64 0.2.1 2.53 25.86 28.39 OK
r-patched-solaris-x86 0.2.1 58.90 OK
r-release-linux-x86_64 0.2.1 2.53 25.79 28.32 OK
r-release-windows-ix86+x86_64 0.2.1 9.00 42.00 51.00 OK
r-release-osx-x86_64 0.2.1 WARN
r-oldrel-windows-ix86+x86_64 0.2.1 5.00 47.00 52.00 OK
r-oldrel-osx-x86_64 0.2.1 OK

Check Details

Version: 0.2.1
Check: whether package can be installed
Result: WARN
    Found the following significant warnings:
     Warning: 'rgl_init' failed, running with rgl.useNULL = TRUE
Flavor: r-release-osx-x86_64