CRAN Package Check Results for Package rglwidget

Last updated on 2019-07-24 00:47:41 CEST.

Flavor Version Tinstall Tcheck Ttotal Status Flags
r-devel-linux-x86_64-debian-clang 0.2.1 2.54 25.60 28.14 OK
r-devel-linux-x86_64-debian-gcc 0.2.1 2.34 21.47 23.81 OK
r-devel-linux-x86_64-fedora-clang 0.2.1 33.58 OK
r-devel-linux-x86_64-fedora-gcc 0.2.1 36.57 OK
r-devel-windows-ix86+x86_64 0.2.1 8.00 60.00 68.00 OK
r-patched-linux-x86_64 0.2.1 2.56 25.20 27.76 OK
r-patched-solaris-x86 0.2.1 58.10 OK
r-release-linux-x86_64 0.2.1 2.89 26.12 29.01 OK
r-release-windows-ix86+x86_64 0.2.1 10.00 44.00 54.00 OK
r-release-osx-x86_64 0.2.1 WARN
r-oldrel-windows-ix86+x86_64 0.2.1 7.00 38.00 45.00 OK
r-oldrel-osx-x86_64 0.2.1 OK

Check Details

Version: 0.2.1
Check: whether package can be installed
Result: WARN
    Found the following significant warnings:
     Warning: 'rgl_init' failed, running with rgl.useNULL = TRUE
Flavor: r-release-osx-x86_64