CRAN Package Check Results for Package rjsonapi

Last updated on 2020-02-20 00:54:25 CET.

Flavor Version Tinstall Tcheck Ttotal Status Flags
r-devel-linux-x86_64-debian-clang 0.1.0 3.79 28.53 32.32 OK
r-devel-linux-x86_64-debian-gcc 0.1.0 2.75 22.06 24.81 OK
r-devel-linux-x86_64-fedora-clang 0.1.0 39.76 NOTE
r-devel-linux-x86_64-fedora-gcc 0.1.0 38.82 NOTE
r-devel-windows-ix86+x86_64 0.1.0 8.00 42.00 50.00 OK
r-devel-windows-ix86+x86_64-gcc8 0.1.0 15.00 42.00 57.00 OK
r-patched-linux-x86_64 0.1.0 2.57 24.93 27.50 OK
r-patched-solaris-x86 0.1.0 63.90 NOTE
r-release-linux-x86_64 0.1.0 1.88 25.49 27.37 OK
r-release-windows-ix86+x86_64 0.1.0 7.00 43.00 50.00 OK
r-release-osx-x86_64 0.1.0 NOTE
r-oldrel-windows-ix86+x86_64 0.1.0 4.00 38.00 42.00 OK
r-oldrel-osx-x86_64 0.1.0 NOTE

Check Details

Version: 0.1.0
Check: dependencies in R code
Result: NOTE
    Namespace in Imports field not imported from: ‘crul’
     All declared Imports should be used.
Flavors: r-devel-linux-x86_64-fedora-clang, r-devel-linux-x86_64-fedora-gcc, r-patched-solaris-x86, r-release-osx-x86_64, r-oldrel-osx-x86_64