CRAN Package Check Results for Package rjsonapi

Last updated on 2019-09-21 00:52:51 CEST.

Flavor Version Tinstall Tcheck Ttotal Status Flags
r-devel-linux-x86_64-debian-clang 0.1.0 2.78 23.94 26.72 OK
r-devel-linux-x86_64-debian-gcc 0.1.0 2.30 19.91 22.21 OK
r-devel-linux-x86_64-fedora-clang 0.1.0 34.38 NOTE
r-devel-linux-x86_64-fedora-gcc 0.1.0 34.17 NOTE
r-devel-windows-ix86+x86_64 0.1.0 13.00 55.00 68.00 OK
r-patched-linux-x86_64 0.1.0 2.65 24.09 26.74 OK
r-patched-solaris-x86 0.1.0 54.90 NOTE
r-release-linux-x86_64 0.1.0 2.57 24.26 26.83 OK
r-release-windows-ix86+x86_64 0.1.0 6.00 40.00 46.00 OK
r-release-osx-x86_64 0.1.0 NOTE
r-oldrel-windows-ix86+x86_64 0.1.0 4.00 34.00 38.00 OK
r-oldrel-osx-x86_64 0.1.0 NOTE

Check Details

Version: 0.1.0
Check: dependencies in R code
Result: NOTE
    Namespace in Imports field not imported from: ‘crul’
     All declared Imports should be used.
Flavors: r-devel-linux-x86_64-fedora-clang, r-devel-linux-x86_64-fedora-gcc, r-patched-solaris-x86, r-release-osx-x86_64, r-oldrel-osx-x86_64