CRAN Package Check Results for Package rlang

Last updated on 2019-12-16 00:49:08 CET.

Flavor Version Tinstall Tcheck Ttotal Status Flags
r-devel-linux-x86_64-debian-clang 0.4.2 12.46 78.76 91.22 OK
r-devel-linux-x86_64-debian-gcc 0.4.2 9.64 65.11 74.75 OK
r-devel-linux-x86_64-fedora-clang 0.4.2 118.38 OK
r-devel-linux-x86_64-fedora-gcc 0.4.2 120.74 OK
r-devel-windows-ix86+x86_64 0.4.2 3.00 7.00 10.00 ERROR
r-devel-windows-ix86+x86_64-gcc8 0.4.2 33.00 169.00 202.00 OK
r-patched-linux-x86_64 0.4.2 11.15 75.94 87.09 OK
r-patched-solaris-x86 0.4.2 136.60 OK
r-release-linux-x86_64 0.4.2 8.03 77.11 85.14 OK
r-release-windows-ix86+x86_64 0.4.2 46.00 123.00 169.00 OK
r-release-osx-x86_64 0.4.2 OK
r-oldrel-windows-ix86+x86_64 0.4.2 34.00 108.00 142.00 OK
r-oldrel-osx-x86_64 0.4.2 OK

Check Details

Version: 0.4.2
Check: whether package can be installed
Result: ERROR
    Installation failed.
Flavor: r-devel-windows-ix86+x86_64