CRAN Package Check Results for Package rmaf

Last updated on 2019-08-19 00:46:33 CEST.

Flavor Version Tinstall Tcheck Ttotal Status Flags
r-devel-linux-x86_64-debian-clang 3.0.1 1.86 19.13 20.99 NOTE
r-devel-linux-x86_64-debian-gcc 3.0.1 1.46 15.77 17.23 NOTE
r-devel-linux-x86_64-fedora-clang 3.0.1 27.13 NOTE
r-devel-linux-x86_64-fedora-gcc 3.0.1 25.03 NOTE
r-devel-windows-ix86+x86_64 3.0.1 8.00 37.00 45.00 NOTE
r-patched-linux-x86_64 3.0.1 1.77 19.11 20.88 NOTE
r-patched-solaris-x86 3.0.1 41.40 NOTE
r-release-linux-x86_64 3.0.1 1.58 19.36 20.94 NOTE
r-release-windows-ix86+x86_64 3.0.1 4.00 37.00 41.00 NOTE
r-release-osx-x86_64 3.0.1 NOTE
r-oldrel-windows-ix86+x86_64 3.0.1 2.00 30.00 32.00 NOTE
r-oldrel-osx-x86_64 3.0.1 NOTE

Check Details

Version: 3.0.1
Check: R code for possible problems
Result: NOTE
    ma.filter: no visible global function definition for 'par'
    ma.filter: no visible global function definition for 'lines'
    ma.filter: no visible global function definition for 'abline'
    qn: no visible global function definition for 'lm'
    qn: no visible global function definition for 'var'
    qn: no visible global function definition for 'resid'
    ss.filter: no visible global function definition for 'smooth.spline'
    ss.filter: no visible global function definition for 'par'
    ss.filter: no visible global function definition for 'lines'
    ss.filter: no visible global function definition for 'abline'
    Undefined global functions or variables:
     abline lines lm par resid smooth.spline var
    Consider adding
     importFrom("graphics", "abline", "lines", "par")
     importFrom("stats", "lm", "resid", "smooth.spline", "var")
    to your NAMESPACE file.
Flavors: r-devel-linux-x86_64-debian-clang, r-devel-linux-x86_64-debian-gcc, r-devel-linux-x86_64-fedora-clang, r-devel-linux-x86_64-fedora-gcc, r-devel-windows-ix86+x86_64, r-patched-linux-x86_64, r-patched-solaris-x86, r-release-linux-x86_64, r-release-windows-ix86+x86_64, r-release-osx-x86_64, r-oldrel-windows-ix86+x86_64, r-oldrel-osx-x86_64