CRAN Package Check Results for Package rncl

Last updated on 2019-10-15 00:50:06 CEST.

Flavor Version Tinstall Tcheck Ttotal Status Flags
r-devel-linux-x86_64-debian-clang 0.8.3 161.31 28.23 189.54 OK
r-devel-linux-x86_64-debian-gcc 0.8.3 154.42 22.26 176.68 WARN
r-devel-linux-x86_64-fedora-clang 0.8.3 337.86 NOTE
r-devel-linux-x86_64-fedora-gcc 0.8.3 322.37 WARN
r-devel-windows-ix86+x86_64 0.8.3 263.00 104.00 367.00 OK
r-patched-linux-x86_64 0.8.3 158.43 27.26 185.69 WARN
r-patched-solaris-x86 0.8.3 243.10 OK
r-release-linux-x86_64 0.8.3 163.66 27.85 191.51 WARN
r-release-windows-ix86+x86_64 0.8.3 329.00 73.00 402.00 OK
r-release-osx-x86_64 0.8.3 NOTE
r-oldrel-windows-ix86+x86_64 0.8.3 234.00 74.00 308.00 OK
r-oldrel-osx-x86_64 0.8.3 NOTE

Check Details

Version: 0.8.3
Check: whether package can be installed
Result: WARN
    Found the following significant warnings:
     nxsreader.cpp:659:22: warning: catching polymorphic type ‘class NxsException’ by value [-Wcatch-value=]
     nxsreader.cpp:709:25: warning: catching polymorphic type ‘class NxsException’ by value [-Wcatch-value=]
Flavors: r-devel-linux-x86_64-debian-gcc, r-devel-linux-x86_64-fedora-gcc, r-patched-linux-x86_64, r-release-linux-x86_64

Version: 0.8.3
Check: installed package size
Result: NOTE
     installed size is 21.3Mb
     sub-directories of 1Mb or more:
     libs 21.0Mb
Flavors: r-devel-linux-x86_64-fedora-clang, r-release-osx-x86_64, r-oldrel-osx-x86_64