CRAN Package Check Results for Package rncl

Last updated on 2019-07-16 00:48:24 CEST.

Flavor Version Tinstall Tcheck Ttotal Status Flags
r-devel-linux-x86_64-debian-clang 0.8.3 151.08 28.59 179.67 OK
r-devel-linux-x86_64-debian-gcc 0.8.3 144.57 23.02 167.59 WARN
r-devel-linux-x86_64-fedora-clang 0.8.3 297.98 NOTE
r-devel-linux-x86_64-fedora-gcc 0.8.3 317.59 WARN
r-devel-windows-ix86+x86_64 0.8.3 345.00 71.00 416.00 OK
r-patched-linux-x86_64 0.8.3 164.24 27.96 192.20 WARN
r-patched-solaris-x86 0.8.3 261.60 OK
r-release-linux-x86_64 0.8.3 162.93 28.10 191.03 WARN
r-release-windows-ix86+x86_64 0.8.3 266.00 93.00 359.00 OK
r-release-osx-x86_64 0.8.3 NOTE
r-oldrel-windows-ix86+x86_64 0.8.3 327.00 71.00 398.00 OK
r-oldrel-osx-x86_64 0.8.3 NOTE

Check Details

Version: 0.8.3
Check: whether package can be installed
Result: WARN
    Found the following significant warnings:
     nxsreader.cpp:659:22: warning: catching polymorphic type ‘class NxsException’ by value [-Wcatch-value=]
     nxsreader.cpp:709:25: warning: catching polymorphic type ‘class NxsException’ by value [-Wcatch-value=]
Flavors: r-devel-linux-x86_64-debian-gcc, r-devel-linux-x86_64-fedora-gcc, r-patched-linux-x86_64, r-release-linux-x86_64

Version: 0.8.3
Check: installed package size
Result: NOTE
     installed size is 20.3Mb
     sub-directories of 1Mb or more:
     libs 20.0Mb
Flavors: r-devel-linux-x86_64-fedora-clang, r-release-osx-x86_64, r-oldrel-osx-x86_64