CRAN Package Check Results for Package roahd

Last updated on 2019-06-26 00:47:46 CEST.

Flavor Version Tinstall Tcheck Ttotal Status Flags
r-devel-linux-x86_64-debian-clang 1.4.1 8.19 155.42 163.61 OK
r-devel-linux-x86_64-debian-gcc 1.4.1 7.40 112.28 119.68 OK
r-devel-linux-x86_64-fedora-clang 1.4.1 189.34 OK
r-devel-linux-x86_64-fedora-gcc 1.4.1 179.50 OK
r-devel-windows-ix86+x86_64 1.4.1 23.00 175.00 198.00 OK
r-patched-linux-x86_64 1.4.1 8.59 147.94 156.53 OK
r-patched-solaris-x86 1.4.1 273.10 NOTE
r-release-linux-x86_64 1.4.1 9.11 148.57 157.68 OK
r-release-windows-ix86+x86_64 1.4.1 14.00 214.00 228.00 OK
r-release-osx-x86_64 1.4.1 OK
r-oldrel-windows-ix86+x86_64 1.4.1 12.00 157.00 169.00 OK
r-oldrel-osx-x86_64 1.4.1 OK

Check Details

Version: 1.4.1
Check: installed package size
Result: NOTE
     installed size is 5.1Mb
     sub-directories of 1Mb or more:
     data 2.9Mb
     doc 1.7Mb
Flavor: r-patched-solaris-x86