CRAN Package Check Results for Package roahd

Last updated on 2019-09-21 00:52:52 CEST.

Flavor Version Tinstall Tcheck Ttotal Status Flags
r-devel-linux-x86_64-debian-clang 1.4.1 8.45 156.54 164.99 OK
r-devel-linux-x86_64-debian-gcc 1.4.1 7.64 111.40 119.04 OK
r-devel-linux-x86_64-fedora-clang 1.4.1 191.39 OK
r-devel-linux-x86_64-fedora-gcc 1.4.1 183.99 OK
r-devel-windows-ix86+x86_64 1.4.1 27.00 152.00 179.00 OK
r-patched-linux-x86_64 1.4.1 7.84 145.99 153.83 OK
r-patched-solaris-x86 1.4.1 265.60 NOTE
r-release-linux-x86_64 1.4.1 8.63 147.65 156.28 OK
r-release-windows-ix86+x86_64 1.4.1 16.00 214.00 230.00 OK
r-release-osx-x86_64 1.4.1 OK
r-oldrel-windows-ix86+x86_64 1.4.1 11.00 152.00 163.00 OK
r-oldrel-osx-x86_64 1.4.1 OK

Check Details

Version: 1.4.1
Check: installed package size
Result: NOTE
     installed size is 5.1Mb
     sub-directories of 1Mb or more:
     data 2.9Mb
     doc 1.7Mb
Flavor: r-patched-solaris-x86