CRAN Package Check Results for Package rootWishart

Last updated on 2019-10-23 00:48:02 CEST.

Flavor Version Tinstall Tcheck Ttotal Status Flags
r-devel-linux-x86_64-debian-clang 0.4.1 109.92 45.05 154.97 OK
r-devel-linux-x86_64-debian-gcc 0.4.1 91.80 41.43 133.23 OK
r-devel-linux-x86_64-fedora-clang 0.4.1 218.95 NOTE
r-devel-linux-x86_64-fedora-gcc 0.4.1 239.94 OK
r-devel-windows-ix86+x86_64 0.4.1 190.00 183.00 373.00 OK
r-patched-linux-x86_64 0.4.1 96.72 49.93 146.65 OK
r-patched-solaris-x86 0.4.1 340.10 OK
r-release-linux-x86_64 0.4.1 103.18 49.41 152.59 OK
r-release-windows-ix86+x86_64 0.4.1 239.00 151.00 390.00 OK
r-release-osx-x86_64 0.4.1 NOTE
r-oldrel-windows-ix86+x86_64 0.4.1 230.00 189.00 419.00 OK
r-oldrel-osx-x86_64 0.4.1 NOTE

Check Details

Version: 0.4.1
Check: installed package size
Result: NOTE
     installed size is 20.0Mb
     sub-directories of 1Mb or more:
     libs 19.9Mb
Flavors: r-devel-linux-x86_64-fedora-clang, r-release-osx-x86_64, r-oldrel-osx-x86_64