CRAN Package Check Results for Package rootWishart

Last updated on 2019-07-16 00:48:24 CEST.

Flavor Version Tinstall Tcheck Ttotal Status Flags
r-devel-linux-x86_64-debian-clang 0.4.1 97.31 44.86 142.17 OK
r-devel-linux-x86_64-debian-gcc 0.4.1 94.64 41.26 135.90 OK
r-devel-linux-x86_64-fedora-clang 0.4.1 209.56 NOTE
r-devel-linux-x86_64-fedora-gcc 0.4.1 230.00 OK
r-devel-windows-ix86+x86_64 0.4.1 253.00 150.00 403.00 OK
r-patched-linux-x86_64 0.4.1 107.30 50.02 157.32 OK
r-patched-solaris-x86 0.4.1 342.50 OK
r-release-linux-x86_64 0.4.1 103.22 49.70 152.92 OK
r-release-windows-ix86+x86_64 0.4.1 186.00 205.00 391.00 OK
r-release-osx-x86_64 0.4.1 NOTE
r-oldrel-windows-ix86+x86_64 0.4.1 229.00 141.00 370.00 OK
r-oldrel-osx-x86_64 0.4.1 NOTE

Check Details

Version: 0.4.1
Check: installed package size
Result: NOTE
     installed size is 19.5Mb
     sub-directories of 1Mb or more:
     libs 19.4Mb
Flavors: r-devel-linux-x86_64-fedora-clang, r-release-osx-x86_64, r-oldrel-osx-x86_64