CRAN Package Check Results for Package rorcid

Last updated on 2019-09-20 00:47:44 CEST.

Flavor Version Tinstall Tcheck Ttotal Status Flags
r-devel-linux-x86_64-debian-clang 0.5.0 4.16 31.96 36.12 OK
r-devel-linux-x86_64-debian-gcc 0.5.0 3.49 26.48 29.97 OK
r-devel-linux-x86_64-fedora-clang 0.5.0 46.20 NOTE
r-devel-linux-x86_64-fedora-gcc 0.5.0 45.20 NOTE
r-devel-windows-ix86+x86_64 0.5.0 20.00 53.00 73.00 OK
r-patched-linux-x86_64 0.5.0 4.17 32.13 36.30 OK
r-patched-solaris-x86 0.5.0 69.20 NOTE
r-release-linux-x86_64 0.5.0 3.59 32.06 35.65 OK
r-release-windows-ix86+x86_64 0.5.0 8.00 48.00 56.00 OK
r-release-osx-x86_64 0.5.0 NOTE
r-oldrel-windows-ix86+x86_64 0.5.0 6.00 49.00 55.00 OK
r-oldrel-osx-x86_64 0.5.0 NOTE

Check Details

Version: 0.5.0
Check: data for non-ASCII characters
Result: NOTE
     Note: found 7645 marked UTF-8 strings
Flavors: r-devel-linux-x86_64-fedora-clang, r-devel-linux-x86_64-fedora-gcc, r-patched-solaris-x86, r-release-osx-x86_64, r-oldrel-osx-x86_64