CRAN Package Check Results for Package rotations

Last updated on 2019-07-16 00:48:24 CEST.

Flavor Version Tinstall Tcheck Ttotal Status Flags
r-devel-linux-x86_64-debian-clang 1.5 101.08 90.04 191.12 OK
r-devel-linux-x86_64-debian-gcc 1.5 79.98 68.12 148.10 OK
r-devel-linux-x86_64-fedora-clang 1.5 260.93 NOTE
r-devel-linux-x86_64-fedora-gcc 1.5 262.90 NOTE
r-devel-windows-ix86+x86_64 1.5 265.00 156.00 421.00 NOTE
r-patched-linux-x86_64 1.5 95.83 87.70 183.53 OK
r-patched-solaris-x86 1.5 288.70 OK
r-release-linux-x86_64 1.5 97.07 86.57 183.64 OK
r-release-windows-ix86+x86_64 1.5 175.00 155.00 330.00 NOTE
r-release-osx-x86_64 1.5 WARN
r-oldrel-windows-ix86+x86_64 1.5 246.00 145.00 391.00 NOTE
r-oldrel-osx-x86_64 1.5 NOTE

Check Details

Version: 1.5
Check: installed package size
Result: NOTE
     installed size is 9.4Mb
     sub-directories of 1Mb or more:
     R 1.1Mb
     data 2.3Mb
     libs 5.5Mb
Flavors: r-devel-linux-x86_64-fedora-clang, r-devel-windows-ix86+x86_64, r-release-windows-ix86+x86_64, r-release-osx-x86_64, r-oldrel-windows-ix86+x86_64, r-oldrel-osx-x86_64

Version: 1.5
Check: compiled code
Result: NOTE
    File ‘rotations/libs/rotations.so’:
     Found no calls to: ‘R_registerRoutines’, ‘R_useDynamicSymbols’
    
    It is good practice to register native routines and to disable symbol
    search.
    
    See ‘Writing portable packages’ in the ‘Writing R Extensions’ manual.
Flavors: r-devel-linux-x86_64-fedora-clang, r-devel-linux-x86_64-fedora-gcc

Version: 1.5
Check: whether package can be installed
Result: WARN
    Found the following significant warnings:
     Warning: 'rgl_init' failed, running with rgl.useNULL = TRUE
Flavor: r-release-osx-x86_64