CRAN Package Check Results for Package rotations

Last updated on 2019-10-15 00:50:06 CEST.

Flavor Version Tinstall Tcheck Ttotal Status Flags
r-devel-linux-x86_64-debian-clang 1.5 119.45 90.26 209.71 OK
r-devel-linux-x86_64-debian-gcc 1.5 86.52 67.95 154.47 OK
r-devel-linux-x86_64-fedora-clang 1.5 290.60 NOTE
r-devel-linux-x86_64-fedora-gcc 1.5 273.89 NOTE
r-devel-windows-ix86+x86_64 1.5 201.00 224.00 425.00 NOTE
r-patched-linux-x86_64 1.5 89.91 86.03 175.94 OK
r-patched-solaris-x86 1.5 265.70 OK
r-release-linux-x86_64 1.5 95.36 87.14 182.50 OK
r-release-windows-ix86+x86_64 1.5 253.00 167.00 420.00 NOTE
r-release-osx-x86_64 1.5 WARN
r-oldrel-windows-ix86+x86_64 1.5 190.00 147.00 337.00 NOTE
r-oldrel-osx-x86_64 1.5 NOTE

Check Details

Version: 1.5
Check: installed package size
Result: NOTE
     installed size is 10.0Mb
     sub-directories of 1Mb or more:
     R 1.1Mb
     data 2.3Mb
     libs 6.0Mb
Flavors: r-devel-linux-x86_64-fedora-clang, r-devel-windows-ix86+x86_64, r-release-windows-ix86+x86_64, r-release-osx-x86_64, r-oldrel-windows-ix86+x86_64, r-oldrel-osx-x86_64

Version: 1.5
Check: compiled code
Result: NOTE
    File ‘rotations/libs/rotations.so’:
     Found no calls to: ‘R_registerRoutines’, ‘R_useDynamicSymbols’
    
    It is good practice to register native routines and to disable symbol
    search.
    
    See ‘Writing portable packages’ in the ‘Writing R Extensions’ manual.
Flavors: r-devel-linux-x86_64-fedora-clang, r-devel-linux-x86_64-fedora-gcc

Version: 1.5
Check: whether package can be installed
Result: WARN
    Found the following significant warnings:
     Warning: 'rgl_init' failed, running with rgl.useNULL = TRUE
Flavor: r-release-osx-x86_64