CRAN Package Check Results for Package routr

Last updated on 2019-09-21 00:52:52 CEST.

Flavor Version Tinstall Tcheck Ttotal Status Flags
r-devel-linux-x86_64-debian-clang 0.3.0 4.89 29.29 34.18 OK
r-devel-linux-x86_64-debian-gcc 0.3.0 3.74 24.10 27.84 OK
r-devel-linux-x86_64-fedora-clang 0.3.0 41.59 NOTE
r-devel-linux-x86_64-fedora-gcc 0.3.0 40.86 NOTE
r-devel-windows-ix86+x86_64 0.3.0 15.00 47.00 62.00 OK
r-patched-linux-x86_64 0.3.0 4.25 28.81 33.06 OK
r-patched-solaris-x86 0.3.0 68.20 NOTE
r-release-linux-x86_64 0.3.0 4.14 29.36 33.50 OK
r-release-windows-ix86+x86_64 0.3.0 8.00 43.00 51.00 OK
r-release-osx-x86_64 0.3.0 NOTE
r-oldrel-windows-ix86+x86_64 0.3.0 6.00 44.00 50.00 OK
r-oldrel-osx-x86_64 0.3.0 NOTE

Check Details

Version: 0.3.0
Check: dependencies in R code
Result: NOTE
    Namespaces in Imports field not imported from:
     ‘httpuv’ ‘utils’
     All declared Imports should be used.
Flavors: r-devel-linux-x86_64-fedora-clang, r-devel-linux-x86_64-fedora-gcc, r-patched-solaris-x86, r-release-osx-x86_64, r-oldrel-osx-x86_64