CRAN Package Check Results for Package rscala

Last updated on 2019-07-16 00:48:24 CEST.

Flavor Version Tinstall Tcheck Ttotal Status Flags
r-devel-linux-x86_64-debian-clang 3.2.15 21.63 97.05 118.68 OK
r-devel-linux-x86_64-debian-gcc 3.2.15 18.25 75.92 94.17 OK
r-devel-linux-x86_64-fedora-clang 3.2.15 134.21 OK
r-devel-linux-x86_64-fedora-gcc 3.2.15 132.42 OK
r-devel-windows-ix86+x86_64 3.2.15 20.00 181.00 201.00 OK
r-patched-linux-x86_64 3.2.15 21.77 100.28 122.05 OK
r-release-linux-x86_64 3.2.15 21.57 98.14 119.71 OK
r-release-windows-ix86+x86_64 3.2.15 15.00 188.00 203.00 OK
r-release-osx-x86_64 3.2.15 NOTE
r-oldrel-windows-ix86+x86_64 3.2.15 13.00 189.00 202.00 OK
r-oldrel-osx-x86_64 3.2.15 NOTE

Check Details

Version: 3.2.15
Check: installed package size
Result: NOTE
     installed size is 22.1Mb
     sub-directories of 1Mb or more:
     dependencies 21.0Mb
Flavors: r-release-osx-x86_64, r-oldrel-osx-x86_64