CRAN Package Check Results for Package rsvd

Last updated on 2019-08-19 00:46:33 CEST.

Flavor Version Tinstall Tcheck Ttotal Status Flags
r-devel-linux-x86_64-debian-clang 1.0.2 13.00 64.69 77.69 OK
r-devel-linux-x86_64-debian-gcc 1.0.2 11.82 51.04 62.86 OK
r-devel-linux-x86_64-fedora-clang 1.0.2 96.63 NOTE
r-devel-linux-x86_64-fedora-gcc 1.0.2 94.77 OK
r-devel-windows-ix86+x86_64 1.0.2 24.00 84.00 108.00 NOTE
r-patched-linux-x86_64 1.0.2 11.92 62.77 74.69 OK
r-patched-solaris-x86 1.0.2 145.00 NOTE
r-release-linux-x86_64 1.0.2 12.06 64.35 76.41 OK
r-release-windows-ix86+x86_64 1.0.2 19.00 72.00 91.00 NOTE
r-release-osx-x86_64 1.0.2 NOTE
r-oldrel-windows-ix86+x86_64 1.0.2 17.00 93.00 110.00 NOTE
r-oldrel-osx-x86_64 1.0.2 NOTE

Check Details

Version: 1.0.2
Check: installed package size
Result: NOTE
     installed size is 6.1Mb
     sub-directories of 1Mb or more:
     data 5.9Mb
Flavors: r-devel-linux-x86_64-fedora-clang, r-devel-windows-ix86+x86_64, r-patched-solaris-x86, r-release-windows-ix86+x86_64, r-release-osx-x86_64, r-oldrel-windows-ix86+x86_64, r-oldrel-osx-x86_64