CRAN Package Check Results for Package rtext

Last updated on 2019-10-23 00:48:02 CEST.

Flavor Version Tinstall Tcheck Ttotal Status Flags
r-devel-linux-x86_64-debian-clang 0.1.21 22.05 64.36 86.41 OK
r-devel-linux-x86_64-debian-gcc 0.1.21 14.45 51.69 66.14 OK
r-devel-linux-x86_64-fedora-clang 0.1.21 106.18 NOTE
r-devel-linux-x86_64-fedora-gcc 0.1.21 105.94 NOTE
r-devel-windows-ix86+x86_64 0.1.21 36.00 167.00 203.00 OK
r-patched-linux-x86_64 0.1.21 16.59 64.37 80.96 OK
r-patched-solaris-x86 0.1.21 173.60 NOTE
r-release-linux-x86_64 0.1.21 17.48 64.76 82.24 OK
r-release-windows-ix86+x86_64 0.1.21 54.00 126.00 180.00 OK
r-release-osx-x86_64 0.1.21 NOTE
r-oldrel-windows-ix86+x86_64 0.1.21 40.00 174.00 214.00 OK
r-oldrel-osx-x86_64 0.1.21 NOTE

Check Details

Version: 0.1.21
Check: dependencies in R code
Result: NOTE
    Namespaces in Imports field not imported from:
     ‘RSQLite’ ‘stats’
     All declared Imports should be used.
Flavors: r-devel-linux-x86_64-fedora-clang, r-devel-linux-x86_64-fedora-gcc, r-patched-solaris-x86, r-release-osx-x86_64, r-oldrel-osx-x86_64

Version: 0.1.21
Check: data for non-ASCII characters
Result: NOTE
     Note: found 2 marked UTF-8 strings
Flavors: r-devel-linux-x86_64-fedora-clang, r-devel-linux-x86_64-fedora-gcc, r-patched-solaris-x86, r-release-osx-x86_64, r-oldrel-osx-x86_64