CRAN Package Check Results for Package rtkore

Last updated on 2019-07-16 00:48:25 CEST.

Flavor Version Tinstall Tcheck Ttotal Status Flags
r-devel-linux-x86_64-debian-clang 1.5.5 28.20 66.28 94.48 OK
r-devel-linux-x86_64-debian-gcc 1.5.5 25.62 53.07 78.69 OK
r-devel-linux-x86_64-fedora-clang 1.5.5 123.57 NOTE
r-devel-linux-x86_64-fedora-gcc 1.5.5 129.35 OK
r-devel-windows-ix86+x86_64 1.5.5 74.00 117.00 191.00 NOTE
r-patched-linux-x86_64 1.5.5 31.88 65.17 97.05 OK
r-patched-solaris-x86 1.5.5 147.60 OK
r-release-linux-x86_64 1.5.5 32.17 65.40 97.57 OK
r-release-windows-ix86+x86_64 1.5.5 57.00 163.00 220.00 NOTE
r-release-osx-x86_64 1.5.5 NOTE
r-oldrel-windows-ix86+x86_64 1.5.5 77.00 112.00 189.00 NOTE
r-oldrel-osx-x86_64 1.5.5 NOTE

Check Details

Version: 1.5.5
Check: installed package size
Result: NOTE
     installed size is 6.2Mb
     sub-directories of 1Mb or more:
     doc 1.1Mb
     libs 2.0Mb
     projects 2.8Mb
Flavors: r-devel-linux-x86_64-fedora-clang, r-devel-windows-ix86+x86_64, r-release-windows-ix86+x86_64, r-release-osx-x86_64, r-oldrel-windows-ix86+x86_64, r-oldrel-osx-x86_64