CRAN Package Check Results for Package rtkore

Last updated on 2019-10-22 00:52:34 CEST.

Flavor Version Tinstall Tcheck Ttotal Status Flags
r-devel-linux-x86_64-debian-clang 1.5.5 31.41 67.02 98.43 OK
r-devel-linux-x86_64-debian-gcc 1.5.5 26.15 53.80 79.95 OK
r-devel-linux-x86_64-fedora-clang 1.5.5 127.09 NOTE
r-devel-linux-x86_64-fedora-gcc 1.5.5 133.09 OK
r-devel-windows-ix86+x86_64 1.5.5 75.00 156.00 231.00 NOTE
r-patched-linux-x86_64 1.5.5 31.73 65.87 97.60 OK
r-patched-solaris-x86 1.5.5 146.00 OK
r-release-linux-x86_64 1.5.5 30.66 65.49 96.15 OK
r-release-windows-ix86+x86_64 1.5.5 91.00 163.00 254.00 NOTE
r-release-osx-x86_64 1.5.5 NOTE
r-oldrel-windows-ix86+x86_64 1.5.5 64.00 119.00 183.00 NOTE
r-oldrel-osx-x86_64 1.5.5 NOTE

Check Details

Version: 1.5.5
Check: installed package size
Result: NOTE
     installed size is 6.6Mb
     sub-directories of 1Mb or more:
     doc 1.1Mb
     libs 2.5Mb
     projects 2.8Mb
Flavors: r-devel-linux-x86_64-fedora-clang, r-devel-windows-ix86+x86_64, r-release-windows-ix86+x86_64, r-release-osx-x86_64, r-oldrel-windows-ix86+x86_64, r-oldrel-osx-x86_64