CRAN Package Check Results for Package rugarch

Last updated on 2019-06-18 00:51:54 CEST.

Flavor Version Tinstall Tcheck Ttotal Status Flags
r-devel-linux-x86_64-debian-clang 1.4-1 89.11 272.23 361.34 OK
r-devel-linux-x86_64-debian-gcc 1.4-1 72.57 211.15 283.72 OK
r-devel-linux-x86_64-fedora-clang 1.4-1 428.01 NOTE
r-devel-linux-x86_64-fedora-gcc 1.4-1 419.31 OK
r-devel-windows-ix86+x86_64 1.4-1 167.00 308.00 475.00 NOTE
r-patched-linux-x86_64 1.4-1 84.82 278.54 363.36 OK
r-patched-solaris-x86 1.4-1 507.80 NOTE
r-release-linux-x86_64 1.4-1 81.39 277.96 359.35 OK
r-release-windows-ix86+x86_64 1.4-1 124.00 387.00 511.00 NOTE
r-release-osx-x86_64 1.4-1 NOTE
r-oldrel-windows-ix86+x86_64 1.4-1 107.00 356.00 463.00 NOTE
r-oldrel-osx-x86_64 1.4-1 NOTE

Check Details

Version: 1.4-1
Check: installed package size
Result: NOTE
     installed size is 7.3Mb
     sub-directories of 1Mb or more:
     R 2.9Mb
     libs 2.0Mb
Flavors: r-devel-linux-x86_64-fedora-clang, r-devel-windows-ix86+x86_64, r-patched-solaris-x86, r-release-windows-ix86+x86_64, r-release-osx-x86_64, r-oldrel-windows-ix86+x86_64, r-oldrel-osx-x86_64