CRAN Package Check Results for Package sae2

Last updated on 2019-09-17 00:49:25 CEST.

Flavor Version Tinstall Tcheck Ttotal Status Flags
r-devel-linux-x86_64-debian-clang 1.0-1 10.36 70.26 80.62 OK
r-devel-linux-x86_64-debian-gcc 1.0-1 OK
r-devel-linux-x86_64-fedora-clang 1.0-1 96.09 OK
r-devel-linux-x86_64-fedora-gcc 1.0-1 95.76 OK
r-devel-windows-ix86+x86_64 1.0-1 26.00 78.00 104.00 OK
r-patched-linux-x86_64 1.0-1 8.32 70.38 78.70 OK
r-patched-solaris-x86 1.0-1 142.30 OK
r-release-linux-x86_64 1.0-1 9.92 69.88 79.80 OK
r-release-windows-ix86+x86_64 1.0-1 16.00 105.00 121.00 OK
r-release-osx-x86_64 1.0-1 ERROR
r-oldrel-windows-ix86+x86_64 1.0-1 15.00 76.00 91.00 ERROR
r-oldrel-osx-x86_64 1.0-1 ERROR

Check Details

Version: 1.0-1
Check: examples
Result: ERROR
    Running examples in ‘sae2-Ex.R’ failed
    The error most likely occurred in:
    
    > ### Name: geo_ratios
    > ### Title: Compute rates or ratios for a set of geographic entities over a
    > ### set of years
    > ### Aliases: geo_ratios
    >
    > ### ** Examples
    >
    > require(survey)
    > require(MASS)
    > D <- 20 # number of domains
    > T <- 5 # number of years
    > samp <- 16 # number of sample cases per domain
    > set.seed(1)
    > # use conditional.mean=TRUE to generate true small area values
    > # without sampling error
    > Y.list <- mvrnormSeries(D=D, T=T, rho.dyn=.9, sigma.v.dyn=1,
    + sigma.u.dyn=.19, sigma.e=diag(5), conditional.mean=TRUE)
    > # generate sampling errors
    > e <- rnorm(samp * T * D, mean=0, sd=4)
    > Y <- Y.list[[2]] + tapply(e, rep(1:100, each=16), mean)
    > data <- data.frame(Y=Y, X=rep(1:T, times=D))
    > # model fit with the true sampling variances
    > result.dyn <- eblupDyn(Y ~ X, D, T, vardir = diag(100), data=data)
    Error in y - X %*% B_Est : non-conformable arrays
    Calls: eblupDyn -> dynRYfit
    Execution halted
Flavors: r-release-osx-x86_64, r-oldrel-windows-ix86+x86_64, r-oldrel-osx-x86_64