CRAN Package Check Results for Package sae2

Last updated on 2019-06-26 00:47:47 CEST.

Flavor Version Tinstall Tcheck Ttotal Status Flags
r-devel-linux-x86_64-debian-clang 0.1-1 7.85 43.69 51.54 NOTE
r-devel-linux-x86_64-debian-gcc 0.1-1 7.22 34.26 41.48 NOTE
r-devel-linux-x86_64-fedora-clang 0.1-1 63.34 NOTE
r-devel-linux-x86_64-fedora-gcc 0.1-1 59.51 NOTE
r-devel-windows-ix86+x86_64 0.1-1 17.00 54.00 71.00 NOTE
r-patched-linux-x86_64 0.1-1 9.11 43.58 52.69 NOTE
r-patched-solaris-x86 0.1-1 83.70 NOTE
r-release-linux-x86_64 0.1-1 8.34 43.92 52.26 NOTE
r-release-windows-ix86+x86_64 0.1-1 13.00 70.00 83.00 NOTE
r-release-osx-x86_64 0.1-1 NOTE
r-oldrel-windows-ix86+x86_64 0.1-1 8.00 49.00 57.00 NOTE
r-oldrel-osx-x86_64 0.1-1 NOTE

Check Details

Version: 0.1-1
Check: R code for possible problems
Result: NOTE
    eblupDyn: no visible global function definition for 'model.frame'
    eblupDyn: no visible global function definition for 'model.matrix'
    eblupDyn: no visible global function definition for 'pnorm'
    eblupRY: no visible global function definition for 'model.frame'
    eblupRY: no visible global function definition for 'model.matrix'
    eblupRY: no visible global function definition for 'pnorm'
    Undefined global functions or variables:
     model.frame model.matrix pnorm
    Consider adding
     importFrom("stats", "model.frame", "model.matrix", "pnorm")
    to your NAMESPACE file.
Flavors: r-devel-linux-x86_64-debian-clang, r-devel-linux-x86_64-debian-gcc, r-devel-linux-x86_64-fedora-clang, r-devel-linux-x86_64-fedora-gcc, r-devel-windows-ix86+x86_64, r-patched-linux-x86_64, r-patched-solaris-x86, r-release-linux-x86_64, r-release-windows-ix86+x86_64, r-release-osx-x86_64, r-oldrel-windows-ix86+x86_64, r-oldrel-osx-x86_64