CRAN Package Check Results for Package sandwich

Last updated on 2019-12-16 00:49:09 CET.

Flavor Version Tinstall Tcheck Ttotal Status Flags
r-devel-linux-x86_64-debian-clang 2.5-1 5.48 235.72 241.20 NOTE
r-devel-linux-x86_64-debian-gcc 2.5-1 3.79 187.74 191.53 OK
r-devel-linux-x86_64-fedora-clang 2.5-1 320.23 OK
r-devel-linux-x86_64-fedora-gcc 2.5-1 303.42 OK
r-devel-windows-ix86+x86_64 2.5-1 9.00 299.00 308.00 OK
r-devel-windows-ix86+x86_64-gcc8 2.5-1 13.00 328.00 341.00 OK
r-patched-linux-x86_64 2.5-1 4.40 234.54 238.94 NOTE
r-patched-solaris-x86 2.5-1 678.10 OK
r-release-linux-x86_64 2.5-1 4.52 234.25 238.77 OK
r-release-windows-ix86+x86_64 2.5-1 8.00 223.00 231.00 NOTE
r-release-osx-x86_64 2.5-1 OK
r-oldrel-windows-ix86+x86_64 2.5-1 6.00 227.00 233.00 OK
r-oldrel-osx-x86_64 2.5-1 OK

Check Details

Version: 2.5-1
Check: running R code from vignettes
Result: NOTE
     'sandwich-CL.Rnw'... [11s/12s] NOTE
    differences from 'sandwich-CL.Rout.save'
    119,120d118
    < Warning: stack imbalance in '<-', 20 then 21
    < Warning: stack imbalance in 'withVisible', 14 then 15
     'sandwich-OOP.Rnw'... [4s/5s] OK
     'sandwich.Rnw'... [1s/2s] OK
Flavor: r-devel-linux-x86_64-debian-clang

Version: 2.5-1
Check: running R code from vignettes
Result: NOTE
     ‘sandwich-CL.Rnw’... [11s/12s] NOTE
    differences from ‘sandwich-CL.Rout.save’
    119,120d118
    < Warning: stack imbalance in '<-', 20 then 21
    < Warning: stack imbalance in 'withVisible', 14 then 15
     ‘sandwich-OOP.Rnw’... [3s/3s] OK
     ‘sandwich.Rnw’... [1s/2s] OK
Flavor: r-patched-linux-x86_64

Version: 2.5-1
Check: running R code from vignettes
Result: NOTE
     'sandwich-CL.Rnw'... [11s] NOTE
    differences from 'sandwich-CL.Rout.save'
    119,120d118
    < Warning: stack imbalance in '<-', 20 then 21
    < Warning: stack imbalance in 'withVisible', 14 then 15
     'sandwich-OOP.Rnw'... [3s] OK
     'sandwich.Rnw'... [1s] OK
Flavor: r-release-windows-ix86+x86_64