CRAN Package Check Results for Package sass

Last updated on 2020-01-22 00:49:15 CET.

Flavor Version Tinstall Tcheck Ttotal Status Flags
r-devel-linux-x86_64-debian-clang 0.1.2.1 202.91 29.11 232.02 NOTE
r-devel-linux-x86_64-debian-gcc 0.1.2.1 130.68 22.30 152.98 NOTE
r-devel-linux-x86_64-fedora-clang 0.1.2.1 361.65 NOTE
r-devel-linux-x86_64-fedora-gcc 0.1.2.1 290.71 NOTE
r-devel-windows-ix86+x86_64 0.1.2.1 622.00 110.00 732.00 NOTE
r-devel-windows-ix86+x86_64-gcc8 0.1.2.1 557.00 85.00 642.00 NOTE
r-patched-linux-x86_64 0.1.2.1 143.78 27.54 171.32 NOTE
r-patched-solaris-x86 0.1.2.1 314.60 WARN
r-release-linux-x86_64 0.1.2.1 144.99 27.55 172.54 NOTE
r-release-windows-ix86+x86_64 0.1.2.1 647.00 105.00 752.00 NOTE
r-release-osx-x86_64 0.1.2.1 WARN
r-oldrel-windows-ix86+x86_64 0.1.2.1 470.00 74.00 544.00 NOTE
r-oldrel-osx-x86_64 0.1.2.1 WARN

Check Details

Version: 0.1.2.1
Check: for GNU extensions in Makefiles
Result: NOTE
    GNU make is a SystemRequirements.
Flavors: r-devel-linux-x86_64-debian-clang, r-devel-linux-x86_64-debian-gcc, r-devel-linux-x86_64-fedora-clang, r-devel-linux-x86_64-fedora-gcc, r-devel-windows-ix86+x86_64, r-devel-windows-ix86+x86_64-gcc8, r-patched-linux-x86_64, r-patched-solaris-x86, r-release-linux-x86_64, r-release-windows-ix86+x86_64, r-release-osx-x86_64, r-oldrel-windows-ix86+x86_64, r-oldrel-osx-x86_64

Version: 0.1.2.1
Check: installed package size
Result: NOTE
     installed size is 6.3Mb
     sub-directories of 1Mb or more:
     libs 6.1Mb
Flavors: r-devel-windows-ix86+x86_64, r-devel-windows-ix86+x86_64-gcc8, r-release-windows-ix86+x86_64, r-oldrel-windows-ix86+x86_64

Version: 0.1.2.1
Check: re-building of vignette outputs
Result: WARN
    Error(s) in re-building vignettes:
     ...
    --- re-building ‘sass.Rmd’ using rmarkdown
    Warning in engine$weave(file, quiet = quiet, encoding = enc) :
     Pandoc (>= 1.12.3) and/or pandoc-citeproc not available. Falling back to R Markdown v1.
    Quitting from lines 50-51 (sass.Rmd)
    Error: processing vignette 'sass.Rmd' failed with diagnostics:
    there is no package called 'webshot'
    --- failed re-building ‘sass.Rmd’
    
    SUMMARY: processing the following file failed:
     ‘sass.Rmd’
    
    Error: Vignette re-building failed.
    Execution halted
Flavor: r-patched-solaris-x86

Version: 0.1.2.1
Check: re-building of vignette outputs
Result: WARN
    Error(s) in re-building vignettes:
     ...
    --- re-building ‘sass.Rmd’ using rmarkdown
    Warning in engine$weave(file, quiet = quiet, encoding = enc) :
     Pandoc (>= 1.12.3) and/or pandoc-citeproc not available. Falling back to R Markdown v1.
    Quitting from lines 50-51 (sass.Rmd)
    Error: processing vignette 'sass.Rmd' failed with diagnostics:
    cannot open the connection
    --- failed re-building ‘sass.Rmd’
    
    SUMMARY: processing the following file failed:
     ‘sass.Rmd’
    
    Error: Vignette re-building failed.
    Execution halted
Flavor: r-release-osx-x86_64

Version: 0.1.2.1
Check: re-building of vignette outputs
Result: WARN
    Error in re-building vignettes:
     ...
    Warning in engine$weave(file, quiet = quiet, encoding = enc) :
     Pandoc (>= 1.12.3) and/or pandoc-citeproc not available. Falling back to R Markdown v1.
    Quitting from lines 50-51 (sass.Rmd)
    Error: processing vignette 'sass.Rmd' failed with diagnostics:
    cannot open the connection
    Execution halted
Flavor: r-oldrel-osx-x86_64