CRAN Package Check Results for Package saturnin

Last updated on 2019-10-22 00:52:34 CEST.

Flavor Version Tinstall Tcheck Ttotal Status Flags
r-devel-linux-x86_64-debian-clang 1.1.1 24.84 43.17 68.01 OK
r-devel-linux-x86_64-debian-gcc 1.1.1 18.40 31.36 49.76 OK
r-devel-linux-x86_64-fedora-clang 1.1.1 86.30 NOTE
r-devel-linux-x86_64-fedora-gcc 1.1.1 86.87 NOTE
r-devel-windows-ix86+x86_64 1.1.1 38.00 108.00 146.00 OK
r-patched-linux-x86_64 1.1.1 20.84 41.61 62.45 OK
r-patched-solaris-x86 1.1.1 94.60 OK
r-release-linux-x86_64 1.1.1 20.03 41.51 61.54 OK
r-release-windows-ix86+x86_64 1.1.1 52.00 116.00 168.00 OK
r-release-osx-x86_64 1.1.1 OK
r-oldrel-windows-ix86+x86_64 1.1.1 41.00 84.00 125.00 OK
r-oldrel-osx-x86_64 1.1.1 OK

Check Details

Version: 1.1.1
Check: compiled code
Result: NOTE
    File ‘saturnin/libs/saturnin.so’:
     Found no calls to: ‘R_registerRoutines’, ‘R_useDynamicSymbols’
    
    It is good practice to register native routines and to disable symbol
    search.
    
    See ‘Writing portable packages’ in the ‘Writing R Extensions’ manual.
Flavors: r-devel-linux-x86_64-fedora-clang, r-devel-linux-x86_64-fedora-gcc