CRAN Package Check Results for Package saturnin

Last updated on 2019-07-16 00:48:25 CEST.

Flavor Version Tinstall Tcheck Ttotal Status Flags
r-devel-linux-x86_64-debian-clang 1.1.1 20.12 43.23 63.35 OK
r-devel-linux-x86_64-debian-gcc 1.1.1 17.54 31.75 49.29 OK
r-devel-linux-x86_64-fedora-clang 1.1.1 83.37 NOTE
r-devel-linux-x86_64-fedora-gcc 1.1.1 81.79 NOTE
r-devel-windows-ix86+x86_64 1.1.1 58.00 81.00 139.00 OK
r-patched-linux-x86_64 1.1.1 23.15 41.04 64.19 OK
r-patched-solaris-x86 1.1.1 98.20 OK
r-release-linux-x86_64 1.1.1 21.68 41.42 63.10 OK
r-release-windows-ix86+x86_64 1.1.1 39.00 112.00 151.00 OK
r-release-osx-x86_64 1.1.1 OK
r-oldrel-windows-ix86+x86_64 1.1.1 57.00 81.00 138.00 OK
r-oldrel-osx-x86_64 1.1.1 OK

Check Details

Version: 1.1.1
Check: compiled code
Result: NOTE
    File ‘saturnin/libs/saturnin.so’:
     Found no calls to: ‘R_registerRoutines’, ‘R_useDynamicSymbols’
    
    It is good practice to register native routines and to disable symbol
    search.
    
    See ‘Writing portable packages’ in the ‘Writing R Extensions’ manual.
Flavors: r-devel-linux-x86_64-fedora-clang, r-devel-linux-x86_64-fedora-gcc