CRAN Package Check Results for Package sbfc

Last updated on 2019-11-22 00:49:26 CET.

Flavor Version Tinstall Tcheck Ttotal Status Flags
r-devel-linux-x86_64-debian-clang 1.0.1 47.36 100.51 147.87 OK
r-devel-linux-x86_64-debian-gcc 1.0.1 37.21 85.61 122.82 OK
r-devel-linux-x86_64-fedora-clang 1.0.1 184.99 NOTE
r-devel-linux-x86_64-fedora-gcc 1.0.1 180.61 NOTE
r-devel-windows-ix86+x86_64 1.0.1 125.00 227.00 352.00 OK
r-devel-windows-ix86+x86_64-gcc8 1.0.1 92.00 175.00 267.00 OK
r-patched-linux-x86_64 1.0.1 39.18 96.64 135.82 OK
r-patched-solaris-x86 1.0.1 258.20 OK
r-release-linux-x86_64 1.0.1 37.51 96.93 134.44 OK
r-release-windows-ix86+x86_64 1.0.1 116.00 226.00 342.00 OK
r-release-osx-x86_64 1.0.1 OK
r-oldrel-windows-ix86+x86_64 1.0.1 71.00 230.00 301.00 OK
r-oldrel-osx-x86_64 1.0.1 OK

Check Details

Version: 1.0.1
Check: compiled code
Result: NOTE
    File ‘sbfc/libs/sbfc.so’:
     Found no calls to: ‘R_registerRoutines’, ‘R_useDynamicSymbols’
    
    It is good practice to register native routines and to disable symbol
    search.
    
    See ‘Writing portable packages’ in the ‘Writing R Extensions’ manual.
Flavors: r-devel-linux-x86_64-fedora-clang, r-devel-linux-x86_64-fedora-gcc