CRAN Package Check Results for Package scout

Last updated on 2020-07-11 00:49:01 CEST.

Flavor Version Tinstall Tcheck Ttotal Status Flags
r-devel-linux-x86_64-debian-clang 1.0.4 3.78 23.89 27.67 OK
r-devel-linux-x86_64-debian-gcc 1.0.4 2.69 19.36 22.05 OK
r-devel-linux-x86_64-fedora-clang 1.0.4 42.41 NOTE
r-devel-linux-x86_64-fedora-gcc 1.0.4 33.70 NOTE
r-devel-windows-ix86+x86_64 1.0.4 8.00 47.00 55.00 OK
r-patched-linux-x86_64 1.0.4 3.80 23.75 27.55 OK
r-patched-solaris-x86 1.0.4 48.90 OK
r-release-linux-x86_64 1.0.4 3.53 23.86 27.39 OK
r-release-osx-x86_64 1.0.4 OK
r-release-windows-ix86+x86_64 1.0.4 8.00 66.00 74.00 OK
r-oldrel-osx-x86_64 1.0.4 OK
r-oldrel-windows-ix86+x86_64 1.0.4 7.00 61.00 68.00 OK

Check Details

Version: 1.0.4
Check: compiled code
Result: NOTE
    File ‘scout/libs/scout.so’:
     Found no calls to: ‘R_registerRoutines’, ‘R_useDynamicSymbols’
    
    It is good practice to register native routines and to disable symbol
    search.
    
    See ‘Writing portable packages’ in the ‘Writing R Extensions’ manual.
Flavors: r-devel-linux-x86_64-fedora-clang, r-devel-linux-x86_64-fedora-gcc