CRAN Package Check Results for Package scout

Last updated on 2019-12-16 00:49:09 CET.

Flavor Version Tinstall Tcheck Ttotal Status Flags
r-devel-linux-x86_64-debian-clang 1.0.4 3.37 23.31 26.68 OK
r-devel-linux-x86_64-debian-gcc 1.0.4 2.81 19.14 21.95 OK
r-devel-linux-x86_64-fedora-clang 1.0.4 33.77 NOTE
r-devel-linux-x86_64-fedora-gcc 1.0.4 34.86 NOTE
r-devel-windows-ix86+x86_64 1.0.4 10.00 61.00 71.00 OK
r-devel-windows-ix86+x86_64-gcc8 1.0.4 8.00 62.00 70.00 OK
r-patched-linux-x86_64 1.0.4 3.26 21.62 24.88 OK
r-patched-solaris-x86 1.0.4 45.00 OK
r-release-linux-x86_64 1.0.4 3.05 21.81 24.86 OK
r-release-windows-ix86+x86_64 1.0.4 7.00 61.00 68.00 OK
r-release-osx-x86_64 1.0.4 OK
r-oldrel-windows-ix86+x86_64 1.0.4 6.00 45.00 51.00 OK
r-oldrel-osx-x86_64 1.0.4 OK

Check Details

Version: 1.0.4
Check: compiled code
Result: NOTE
    File ‘scout/libs/scout.so’:
     Found no calls to: ‘R_registerRoutines’, ‘R_useDynamicSymbols’
    
    It is good practice to register native routines and to disable symbol
    search.
    
    See ‘Writing portable packages’ in the ‘Writing R Extensions’ manual.
Flavors: r-devel-linux-x86_64-fedora-clang, r-devel-linux-x86_64-fedora-gcc