CRAN Package Check Results for Package scrubr

Last updated on 2020-02-24 00:48:54 CET.

Flavor Version Tinstall Tcheck Ttotal Status Flags
r-devel-linux-x86_64-debian-clang 0.3.0 8.16 84.41 92.57 OK
r-devel-linux-x86_64-debian-gcc 0.3.0 OK
r-devel-linux-x86_64-fedora-clang 0.3.0 112.76 NOTE
r-devel-linux-x86_64-fedora-gcc 0.3.0 107.27 NOTE
r-devel-windows-ix86+x86_64 0.3.0 20.00 96.00 116.00 OK
r-devel-windows-ix86+x86_64-gcc8 0.3.0 21.00 129.00 150.00 OK
r-patched-linux-x86_64 0.3.0 OK
r-patched-solaris-x86 0.3.0 149.80 NOTE
r-release-linux-x86_64 0.3.0 6.69 71.87 78.56 OK
r-release-windows-ix86+x86_64 0.3.0 17.00 92.00 109.00 OK
r-release-osx-x86_64 0.3.0 NOTE
r-oldrel-windows-ix86+x86_64 0.3.0 10.00 85.00 95.00 OK
r-oldrel-osx-x86_64 0.3.0 NOTE

Check Details

Version: 0.3.0
Check: data for non-ASCII characters
Result: NOTE
     Note: found 57 marked UTF-8 strings
Flavors: r-devel-linux-x86_64-fedora-clang, r-devel-linux-x86_64-fedora-gcc, r-patched-solaris-x86, r-release-osx-x86_64, r-oldrel-osx-x86_64