CRAN Package Check Results for Package sdcTable

Last updated on 2019-12-16 00:49:09 CET.

Flavor Version Tinstall Tcheck Ttotal Status Flags
r-devel-linux-x86_64-debian-clang 0.30 68.18 107.39 175.57 OK
r-devel-linux-x86_64-debian-gcc 0.30 55.26 92.98 148.24 OK
r-devel-linux-x86_64-fedora-clang 0.30 215.05 OK
r-devel-linux-x86_64-fedora-gcc 0.30 235.96 OK
r-devel-windows-ix86+x86_64 0.30 129.00 193.00 322.00 NOTE
r-devel-windows-ix86+x86_64-gcc8 0.30 132.00 203.00 335.00 NOTE
r-patched-linux-x86_64 0.30 60.32 97.63 157.95 OK
r-patched-solaris-x86 0.30 216.40 OK
r-release-linux-x86_64 0.30 61.50 98.81 160.31 OK
r-release-windows-ix86+x86_64 0.30 102.00 128.00 230.00 NOTE
r-release-osx-x86_64 0.30 NOTE
r-oldrel-windows-ix86+x86_64 0.30 93.00 132.00 225.00 NOTE
r-oldrel-osx-x86_64 0.30 NOTE

Check Details

Version: 0.30
Check: installed package size
Result: NOTE
     installed size is 5.1Mb
     sub-directories of 1Mb or more:
     R 1.2Mb
     libs 3.5Mb
Flavors: r-devel-windows-ix86+x86_64, r-devel-windows-ix86+x86_64-gcc8, r-release-windows-ix86+x86_64, r-release-osx-x86_64, r-oldrel-windows-ix86+x86_64, r-oldrel-osx-x86_64