CRAN Package Check Results for Package seas

Last updated on 2020-01-29 00:49:59 CET.

Flavor Version Tinstall Tcheck Ttotal Status Flags
r-devel-linux-x86_64-debian-clang 0.5-2 7.72 57.62 65.34 OK
r-devel-linux-x86_64-debian-gcc 0.5-2 5.95 42.47 48.42 OK
r-devel-linux-x86_64-fedora-clang 0.5-2 78.35 NOTE
r-devel-linux-x86_64-fedora-gcc 0.5-2 74.43 NOTE
r-devel-windows-ix86+x86_64 0.5-2 16.00 148.00 164.00 OK
r-devel-windows-ix86+x86_64-gcc8 0.5-2 21.00 146.00 167.00 OK
r-patched-linux-x86_64 0.5-2 OK
r-patched-solaris-x86 0.5-2 94.70 NOTE
r-release-linux-x86_64 0.5-2 6.30 52.14 58.44 OK
r-release-windows-ix86+x86_64 0.5-2 13.00 153.00 166.00 OK
r-release-osx-x86_64 0.5-2 NOTE
r-oldrel-windows-ix86+x86_64 0.5-2 16.00 107.00 123.00 OK
r-oldrel-osx-x86_64 0.5-2 NOTE

Check Details

Version: 0.5-2
Check: data for non-ASCII characters
Result: NOTE
     Note: found 3 marked UTF-8 strings
Flavors: r-devel-linux-x86_64-fedora-clang, r-devel-linux-x86_64-fedora-gcc, r-patched-solaris-x86, r-release-osx-x86_64, r-oldrel-osx-x86_64

Version: 0.5-2
Check: installed package size
Result: NOTE
     installed size is 5.0Mb
     sub-directories of 1Mb or more:
     extdata 4.1Mb
Flavor: r-patched-solaris-x86