CRAN Package Check Results for Package seas

Last updated on 2019-09-16 00:47:52 CEST.

Flavor Version Tinstall Tcheck Ttotal Status Flags
r-devel-linux-x86_64-debian-clang 0.5-2 6.71 54.12 60.83 OK
r-devel-linux-x86_64-debian-gcc 0.5-2 5.84 40.24 46.08 OK
r-devel-linux-x86_64-fedora-clang 0.5-2 72.55 NOTE
r-devel-linux-x86_64-fedora-gcc 0.5-2 69.39 NOTE
r-devel-windows-ix86+x86_64 0.5-2 18.00 106.00 124.00 OK
r-patched-linux-x86_64 0.5-2 6.24 53.20 59.44 OK
r-patched-solaris-x86 0.5-2 97.30 NOTE
r-release-linux-x86_64 0.5-2 6.38 53.61 59.99 OK
r-release-windows-ix86+x86_64 0.5-2 14.00 145.00 159.00 OK
r-release-osx-x86_64 0.5-2 NOTE
r-oldrel-windows-ix86+x86_64 0.5-2 17.00 114.00 131.00 OK
r-oldrel-osx-x86_64 0.5-2 NOTE

Check Details

Version: 0.5-2
Check: data for non-ASCII characters
Result: NOTE
     Note: found 3 marked UTF-8 strings
Flavors: r-devel-linux-x86_64-fedora-clang, r-devel-linux-x86_64-fedora-gcc, r-patched-solaris-x86, r-release-osx-x86_64, r-oldrel-osx-x86_64

Version: 0.5-2
Check: installed package size
Result: NOTE
     installed size is 5.0Mb
     sub-directories of 1Mb or more:
     extdata 4.1Mb
Flavor: r-patched-solaris-x86