CRAN Package Check Results for Package seastests

Last updated on 2019-11-22 00:49:26 CET.

Flavor Version Tinstall Tcheck Ttotal Status Flags
r-devel-linux-x86_64-debian-clang 0.14.2 2.97 53.91 56.88 NOTE
r-devel-linux-x86_64-debian-gcc 0.14.2 2.37 41.03 43.40 NOTE
r-devel-linux-x86_64-fedora-clang 0.14.2 67.87 OK
r-devel-linux-x86_64-fedora-gcc 0.14.2 69.62 OK
r-devel-windows-ix86+x86_64 0.14.2 13.00 70.00 83.00 NOTE
r-devel-windows-ix86+x86_64-gcc8 0.14.2 7.00 69.00 76.00 NOTE
r-patched-linux-x86_64 0.14.2 1.97 53.21 55.18 OK
r-patched-solaris-x86 0.14.2 101.20 OK
r-release-linux-x86_64 0.14.2 2.46 52.49 54.95 OK
r-release-windows-ix86+x86_64 0.14.2 8.00 87.00 95.00 OK
r-release-osx-x86_64 0.14.2 OK
r-oldrel-windows-ix86+x86_64 0.14.2 4.00 82.00 86.00 OK
r-oldrel-osx-x86_64 0.14.2 OK

Check Details

Version: 0.14.2
Check: package vignettes
Result: NOTE
    Package vignette with placeholder title 'Vignette Title':
     'seastests-vignette.Rmd'
Flavors: r-devel-linux-x86_64-debian-clang, r-devel-linux-x86_64-debian-gcc, r-devel-windows-ix86+x86_64, r-devel-windows-ix86+x86_64-gcc8