CRAN Package Check Results for Package seastests

Last updated on 2019-07-16 00:48:26 CEST.

Flavor Version Tinstall Tcheck Ttotal Status Flags
r-devel-linux-x86_64-debian-clang 0.14.2 2.58 52.96 55.54 NOTE
r-devel-linux-x86_64-debian-gcc 0.14.2 2.10 39.88 41.98 NOTE
r-devel-linux-x86_64-fedora-clang 0.14.2 65.59 OK
r-devel-linux-x86_64-fedora-gcc 0.14.2 66.26 OK
r-devel-windows-ix86+x86_64 0.14.2 13.00 59.00 72.00 OK
r-patched-linux-x86_64 0.14.2 2.54 54.82 57.36 OK
r-patched-solaris-x86 0.14.2 103.20 OK
r-release-linux-x86_64 0.14.2 2.65 54.56 57.21 OK
r-release-windows-ix86+x86_64 0.14.2 6.00 86.00 92.00 OK
r-release-osx-x86_64 0.14.2 OK
r-oldrel-windows-ix86+x86_64 0.14.2 7.00 59.00 66.00 OK
r-oldrel-osx-x86_64 0.14.2 OK

Check Details

Version: 0.14.2
Check: package vignettes
Result: NOTE
    Package vignette with placeholder title 'Vignette Title':
     'seastests-vignette.Rmd'
Flavors: r-devel-linux-x86_64-debian-clang, r-devel-linux-x86_64-debian-gcc