CRAN Package Check Results for Package semdrw

Last updated on 2019-07-16 00:48:26 CEST.

Flavor Version Tinstall Tcheck Ttotal Status Flags
r-devel-linux-x86_64-debian-clang 0.1.0 1.87 16.09 17.96 OK
r-devel-linux-x86_64-debian-gcc 0.1.0 1.39 13.33 14.72 OK
r-devel-linux-x86_64-fedora-clang 0.1.0 22.10 NOTE
r-devel-linux-x86_64-fedora-gcc 0.1.0 21.47 NOTE
r-devel-windows-ix86+x86_64 0.1.0 9.00 44.00 53.00 OK
r-patched-linux-x86_64 0.1.0 1.76 16.22 17.98 OK
r-patched-solaris-x86 0.1.0 36.80 NOTE
r-release-linux-x86_64 0.1.0 1.78 15.93 17.71 OK
r-release-windows-ix86+x86_64 0.1.0 5.00 27.00 32.00 OK
r-release-osx-x86_64 0.1.0 NOTE
r-oldrel-windows-ix86+x86_64 0.1.0 4.00 39.00 43.00 OK
r-oldrel-osx-x86_64 0.1.0 NOTE

Check Details

Version: 0.1.0
Check: dependencies in R code
Result: NOTE
    Namespaces in Imports field not imported from:
     ‘dplyr’ ‘lavaan’ ‘psych’ ‘semPlot’ ‘semTools’ ‘shinyAce’
     All declared Imports should be used.
Flavors: r-devel-linux-x86_64-fedora-clang, r-devel-linux-x86_64-fedora-gcc, r-patched-solaris-x86, r-release-osx-x86_64, r-oldrel-osx-x86_64