CRAN Package Check Results for Package sentometrics

Last updated on 2019-07-16 00:48:26 CEST.

Flavor Version Tinstall Tcheck Ttotal Status Flags
r-devel-linux-x86_64-debian-clang 0.5.6 59.26 199.26 258.52 NOTE
r-devel-linux-x86_64-debian-gcc 0.5.6 51.52 170.93 222.45 NOTE
r-devel-linux-x86_64-fedora-clang 0.5.6 315.31 NOTE
r-devel-linux-x86_64-fedora-gcc 0.5.6 304.36 NOTE
r-devel-windows-ix86+x86_64 0.5.6 179.00 312.00 491.00 NOTE
r-patched-linux-x86_64 0.5.6 57.66 193.62 251.28 NOTE
r-patched-solaris-x86 0.5.6 411.90 NOTE
r-release-linux-x86_64 0.5.6 61.32 194.46 255.78 NOTE
r-release-windows-ix86+x86_64 0.5.6 145.00 418.00 563.00 NOTE
r-release-osx-x86_64 0.5.6 NOTE
r-oldrel-windows-ix86+x86_64 0.5.6 169.00 379.00 548.00 NOTE
r-oldrel-osx-x86_64 0.5.6 NOTE

Check Details

Version: 0.5.6
Check: for GNU extensions in Makefiles
Result: NOTE
    GNU make is a SystemRequirements.
Flavors: r-devel-linux-x86_64-debian-clang, r-devel-linux-x86_64-debian-gcc, r-devel-linux-x86_64-fedora-clang, r-devel-linux-x86_64-fedora-gcc, r-devel-windows-ix86+x86_64, r-patched-linux-x86_64, r-patched-solaris-x86, r-release-linux-x86_64, r-release-windows-ix86+x86_64, r-release-osx-x86_64, r-oldrel-windows-ix86+x86_64, r-oldrel-osx-x86_64

Version: 0.5.6
Check: installed package size
Result: NOTE
     installed size is 5.3Mb
     sub-directories of 1Mb or more:
     data 2.3Mb
     libs 2.6Mb
Flavors: r-devel-linux-x86_64-fedora-clang, r-release-osx-x86_64, r-oldrel-osx-x86_64

Version: 0.5.6
Check: data for non-ASCII characters
Result: NOTE
     Note: found 4436 marked UTF-8 strings
Flavors: r-devel-linux-x86_64-fedora-clang, r-devel-linux-x86_64-fedora-gcc, r-patched-solaris-x86, r-release-osx-x86_64, r-oldrel-osx-x86_64