CRAN Package Check Results for Package sgeostat

Last updated on 2019-11-12 00:52:55 CET.

Flavor Version Tinstall Tcheck Ttotal Status Flags
r-devel-linux-x86_64-debian-clang 1.0-27 3.81 27.47 31.28 OK
r-devel-linux-x86_64-debian-gcc 1.0-27 3.09 21.32 24.41 OK
r-devel-linux-x86_64-fedora-clang 1.0-27 39.77 NOTE
r-devel-linux-x86_64-fedora-gcc 1.0-27 38.66 NOTE
r-devel-windows-ix86+x86_64 1.0-27 9.00 50.00 59.00 OK
r-patched-linux-x86_64 1.0-27 3.82 26.40 30.22 OK
r-patched-solaris-x86 1.0-27 54.30 OK
r-release-linux-x86_64 1.0-27 3.74 26.45 30.19 OK
r-release-windows-ix86+x86_64 1.0-27 8.00 67.00 75.00 OK
r-release-osx-x86_64 1.0-27 OK
r-oldrel-windows-ix86+x86_64 1.0-27 7.00 43.00 50.00 OK
r-oldrel-osx-x86_64 1.0-27 OK

Check Details

Version: 1.0-27
Check: compiled code
Result: NOTE
    File ‘sgeostat/libs/sgeostat.so’:
     Found no calls to: ‘R_registerRoutines’, ‘R_useDynamicSymbols’
    
    It is good practice to register native routines and to disable symbol
    search.
    
    See ‘Writing portable packages’ in the ‘Writing R Extensions’ manual.
Flavors: r-devel-linux-x86_64-fedora-clang, r-devel-linux-x86_64-fedora-gcc