CRAN Package Check Results for Package sglOptim

Last updated on 2019-07-16 00:48:26 CEST.

Flavor Version Tinstall Tcheck Ttotal Status Flags
r-devel-linux-x86_64-debian-clang 1.3.8 75.91 65.26 141.17 OK
r-devel-linux-x86_64-debian-gcc 1.3.8 47.23 53.55 100.78 OK
r-devel-linux-x86_64-fedora-clang 1.3.8 183.34 NOTE
r-devel-linux-x86_64-fedora-gcc 1.3.8 169.78 OK
r-devel-windows-ix86+x86_64 1.3.8 143.00 107.00 250.00 OK
r-patched-linux-x86_64 1.3.8 50.82 67.26 118.08 OK
r-patched-solaris-x86 1.3.8 196.60 OK
r-release-linux-x86_64 1.3.8 51.96 65.66 117.62 OK
r-release-windows-ix86+x86_64 1.3.8 108.00 152.00 260.00 OK
r-release-osx-x86_64 1.3.8 NOTE
r-oldrel-windows-ix86+x86_64 1.3.8 139.00 99.00 238.00 OK
r-oldrel-osx-x86_64 1.3.8 NOTE

Check Details

Version: 1.3.8
Check: installed package size
Result: NOTE
     installed size is 9.4Mb
     sub-directories of 1Mb or more:
     libs 8.0Mb
Flavors: r-devel-linux-x86_64-fedora-clang, r-release-osx-x86_64, r-oldrel-osx-x86_64