CRAN Package Check Results for Package sglOptim

Last updated on 2019-10-22 00:52:35 CEST.

Flavor Version Tinstall Tcheck Ttotal Status Flags
r-devel-linux-x86_64-debian-clang 1.3.8 81.91 65.28 147.19 OK
r-devel-linux-x86_64-debian-gcc 1.3.8 51.57 52.49 104.06 OK
r-devel-linux-x86_64-fedora-clang 1.3.8 192.82 NOTE
r-devel-linux-x86_64-fedora-gcc 1.3.8 172.09 OK
r-devel-windows-ix86+x86_64 1.3.8 110.00 156.00 266.00 OK
r-patched-linux-x86_64 1.3.8 50.79 65.12 115.91 OK
r-patched-solaris-x86 1.3.8 188.90 OK
r-release-linux-x86_64 1.3.8 52.00 65.08 117.08 OK
r-release-windows-ix86+x86_64 1.3.8 146.00 103.00 249.00 OK
r-release-osx-x86_64 1.3.8 NOTE
r-oldrel-windows-ix86+x86_64 1.3.8 93.00 92.00 185.00 OK
r-oldrel-osx-x86_64 1.3.8 NOTE

Check Details

Version: 1.3.8
Check: installed package size
Result: NOTE
     installed size is 10.8Mb
     sub-directories of 1Mb or more:
     libs 9.4Mb
Flavors: r-devel-linux-x86_64-fedora-clang, r-release-osx-x86_64, r-oldrel-osx-x86_64