CRAN Package Check Results for Package shapes

Last updated on 2019-08-17 00:51:23 CEST.

Flavor Version Tinstall Tcheck Ttotal Status Flags
r-devel-linux-x86_64-debian-clang 1.2.4 15.45 91.70 107.15 OK
r-devel-linux-x86_64-debian-gcc 1.2.4 10.37 71.15 81.52 OK
r-devel-linux-x86_64-fedora-clang 1.2.4 124.47 OK
r-devel-linux-x86_64-fedora-gcc 1.2.4 119.98 OK
r-devel-windows-ix86+x86_64 1.2.4 30.00 123.00 153.00 OK
r-patched-linux-x86_64 1.2.4 13.46 91.43 104.89 OK
r-patched-solaris-x86 1.2.4 172.70 OK
r-release-linux-x86_64 1.2.4 11.10 91.82 102.92 OK
r-release-windows-ix86+x86_64 1.2.4 30.00 145.00 175.00 OK
r-release-osx-x86_64 1.2.4 WARN
r-oldrel-windows-ix86+x86_64 1.2.4 21.00 115.00 136.00 OK
r-oldrel-osx-x86_64 1.2.4 WARN

Check Details

Version: 1.2.4
Check: whether package can be installed
Result: WARN
    Found the following significant warnings:
     Warning: 'rgl_init' failed, running with rgl.useNULL = TRUE
Flavors: r-release-osx-x86_64, r-oldrel-osx-x86_64