CRAN Package Check Results for Package sidier

Last updated on 2019-12-16 00:49:10 CET.

Flavor Version Tinstall Tcheck Ttotal Status Flags
r-devel-linux-x86_64-debian-clang 4.0.3 11.13 91.04 102.17 NOTE
r-devel-linux-x86_64-debian-gcc 4.0.3 10.16 66.79 76.95 NOTE
r-devel-linux-x86_64-fedora-clang 4.0.3 121.22 NOTE
r-devel-linux-x86_64-fedora-gcc 4.0.3 126.99 NOTE
r-devel-windows-ix86+x86_64 4.0.3 22.00 139.00 161.00 OK
r-devel-windows-ix86+x86_64-gcc8 4.0.3 33.00 150.00 183.00 OK
r-patched-linux-x86_64 4.0.3 10.38 81.06 91.44 OK
r-patched-solaris-x86 4.0.3 156.10 OK
r-release-linux-x86_64 4.0.3 12.24 80.95 93.19 OK
r-release-windows-ix86+x86_64 4.0.3 15.00 101.00 116.00 OK
r-release-osx-x86_64 4.0.3 OK
r-oldrel-windows-ix86+x86_64 4.0.3 14.00 96.00 110.00 OK
r-oldrel-osx-x86_64 4.0.3 OK

Check Details

Version: 4.0.3
Check: for non-standard things in the check directory
Result: NOTE
    Found the following files/directories:
     '3_FindHaplo_Example2_modified.txt'
     '4_Example3_HapPerPop_Weighted.txt'
     '4_Example3_IndelDistanceMatrixMullerMod.txt'
     '4_FindHaplo_Example2_modified.txt' 'FindHaplo.txt'
     'Haplotypes_DefaultNames.txt' 'Haplotypes_sequentialNames.txt'
     'Interaction.txt' 'Modules_summary.txt'
     'NINA.ThresholdEstimation.txt' 'NINA_Network.pdf' 'Network.pdf'
     'PercThr Estimation.pdf' 'PercThresholdEstimation.txt'
     'PercolatedNetwork.pdf' 'PopulationDistances.r.txt' 'Weighted.txt'
     'ex1.fas' 'ex2.2.fas' 'ex2.fas' 'ex2_unique.fas' 'ex3.fas'
     'simulated_sequences_rep1.fas' 'simulated_sequences_rep2.fas'
     'simulated_sequences_tips_rep1.fas'
     'simulated_sequences_tips_rep2.fas'
Flavors: r-devel-linux-x86_64-debian-clang, r-devel-linux-x86_64-debian-gcc, r-devel-linux-x86_64-fedora-clang, r-devel-linux-x86_64-fedora-gcc