CRAN Package Check Results for Package sidier

Last updated on 2019-10-15 00:50:07 CEST.

Flavor Version Tinstall Tcheck Ttotal Status Flags
r-devel-linux-x86_64-debian-clang 4.0.3 11.96 82.57 94.53 NOTE
r-devel-linux-x86_64-debian-gcc 4.0.3 10.26 62.47 72.73 NOTE
r-devel-linux-x86_64-fedora-clang 4.0.3 120.14 NOTE
r-devel-linux-x86_64-fedora-gcc 4.0.3 107.93 NOTE
r-devel-windows-ix86+x86_64 4.0.3 19.00 141.00 160.00 OK
r-patched-linux-x86_64 4.0.3 10.17 80.82 90.99 OK
r-patched-solaris-x86 4.0.3 152.00 OK
r-release-linux-x86_64 4.0.3 10.78 81.88 92.66 OK
r-release-windows-ix86+x86_64 4.0.3 30.00 84.00 114.00 OK
r-release-osx-x86_64 4.0.3 OK
r-oldrel-windows-ix86+x86_64 4.0.3 15.00 85.00 100.00 OK
r-oldrel-osx-x86_64 4.0.3 OK

Check Details

Version: 4.0.3
Check: for non-standard things in the check directory
Result: NOTE
    Found the following files/directories:
     '3_FindHaplo_Example2_modified.txt'
     '4_Example3_HapPerPop_Weighted.txt'
     '4_Example3_IndelDistanceMatrixMullerMod.txt'
     '4_FindHaplo_Example2_modified.txt' 'FindHaplo.txt'
     'Haplotypes_DefaultNames.txt' 'Haplotypes_sequentialNames.txt'
     'Interaction.txt' 'Modules_summary.txt'
     'NINA.ThresholdEstimation.txt' 'NINA_Network.pdf' 'Network.pdf'
     'PercThr Estimation.pdf' 'PercThresholdEstimation.txt'
     'PercolatedNetwork.pdf' 'PopulationDistances.r.txt' 'Weighted.txt'
     'ex1.fas' 'ex2.2.fas' 'ex2.fas' 'ex2_unique.fas' 'ex3.fas'
     'simulated_sequences_rep1.fas' 'simulated_sequences_rep2.fas'
     'simulated_sequences_tips_rep1.fas'
     'simulated_sequences_tips_rep2.fas'
Flavors: r-devel-linux-x86_64-debian-clang, r-devel-linux-x86_64-debian-gcc, r-devel-linux-x86_64-fedora-clang, r-devel-linux-x86_64-fedora-gcc