CRAN Package Check Results for Package sigminer

Last updated on 2019-12-06 00:50:12 CET.

Flavor Version Tinstall Tcheck Ttotal Status Flags
r-devel-linux-x86_64-debian-clang 0.1.11 12.65 153.75 166.40 OK
r-devel-linux-x86_64-debian-gcc 0.1.11 9.90 116.21 126.11 OK
r-devel-linux-x86_64-fedora-clang 0.1.11 198.92 OK
r-devel-linux-x86_64-fedora-gcc 0.1.11 183.99 OK
r-devel-windows-ix86+x86_64 0.1.11 26.00 200.00 226.00 OK
r-devel-windows-ix86+x86_64-gcc8 0.1.11 30.00 224.00 254.00 OK
r-patched-linux-x86_64 0.1.11 10.05 132.17 142.22 OK
r-patched-solaris-x86 0.1.11 213.40 WARN
r-release-linux-x86_64 0.1.11 9.21 131.80 141.01 OK
r-release-windows-ix86+x86_64 0.1.11 22.00 133.00 155.00 OK
r-release-osx-x86_64 0.1.11 ERROR
r-oldrel-windows-ix86+x86_64 0.1.11 13.00 259.00 272.00 OK
r-oldrel-osx-x86_64 0.1.11 ERROR

Check Details

Version: 0.1.11
Check: re-building of vignette outputs
Result: WARN
    Error(s) in re-building vignettes:
     ...
    --- re-building ‘sigminer.Rmd’ using rmarkdown
    Warning in engine$weave(file, quiet = quiet, encoding = enc) :
     Pandoc (>= 1.12.3) and/or pandoc-citeproc not available. Falling back to R Markdown v1.
    stdin: not in compressed format
    Quitting from lines 59-61 (sigminer.Rmd)
    Error: processing vignette 'sigminer.Rmd' failed with diagnostics:
    missing required fields from MAF: Hugo_Symbol
    --- failed re-building ‘sigminer.Rmd’
    
    SUMMARY: processing the following file failed:
     ‘sigminer.Rmd’
    
    Error: Vignette re-building failed.
    Execution halted
Flavor: r-patched-solaris-x86

Version: 0.1.11
Check: package dependencies
Result: ERROR
    Package required but not available: ‘maftools’
    
    Package suggested but not available for checking: ‘BSgenome.Hsapiens.UCSC.hg19’
    
    See section ‘The DESCRIPTION file’ in the ‘Writing R Extensions’
    manual.
Flavor: r-release-osx-x86_64

Version: 0.1.11
Check: package dependencies
Result: ERROR
    Package required but not available: ‘maftools’
    
    Packages suggested but not available for checking:
     ‘BSgenome’ ‘BSgenome.Hsapiens.UCSC.hg19’
    
    See section ‘The DESCRIPTION file’ in the ‘Writing R Extensions’
    manual.
Flavor: r-oldrel-osx-x86_64