CRAN Package Check Results for Package simMP

Last updated on 2020-01-22 00:49:16 CET.

Flavor Version Tinstall Tcheck Ttotal Status Flags
r-devel-linux-x86_64-debian-clang 0.17.3 2.56 55.06 57.62 NOTE
r-devel-linux-x86_64-debian-gcc 0.17.3 1.98 42.50 44.48 NOTE
r-devel-linux-x86_64-fedora-clang 0.17.3 46.16 NOTE
r-devel-linux-x86_64-fedora-gcc 0.17.3 45.17 NOTE
r-devel-windows-ix86+x86_64 0.17.3 10.00 66.00 76.00 OK
r-devel-windows-ix86+x86_64-gcc8 0.17.3 12.00 92.00 104.00 OK
r-patched-linux-x86_64 0.17.3 1.85 47.42 49.27 OK
r-patched-solaris-x86 0.17.3 98.70 OK
r-release-linux-x86_64 0.17.3 2.02 47.47 49.49 OK
r-release-windows-ix86+x86_64 0.17.3 6.00 83.00 89.00 OK
r-release-osx-x86_64 0.17.3 NOTE
r-oldrel-windows-ix86+x86_64 0.17.3 3.00 82.00 85.00 OK
r-oldrel-osx-x86_64 0.17.3 ERROR

Check Details

Version: 0.17.3
Check: for non-standard things in the check directory
Result: NOTE
    Found the following files/directories:
     'res_mutation.tsv' 'res_mutationCounts.txt'
     'res_processContribution.txt' 'res_processes.txt'
Flavors: r-devel-linux-x86_64-debian-clang, r-devel-linux-x86_64-debian-gcc

Version: 0.17.3
Check: package dependencies
Result: NOTE
    Package suggested but not available for checking: ‘BSgenome.Hsapiens.UCSC.hg38’
Flavors: r-devel-linux-x86_64-fedora-clang, r-devel-linux-x86_64-fedora-gcc, r-release-osx-x86_64

Version: 0.17.3
Check: package dependencies
Result: ERROR
    Package required but not available: ‘BSgenome’
    
    Package suggested but not available for checking: ‘BSgenome.Hsapiens.UCSC.hg38’
    
    See section ‘The DESCRIPTION file’ in the ‘Writing R Extensions’
    manual.
Flavor: r-oldrel-osx-x86_64