CRAN Package Check Results for Package simMP

Last updated on 2019-08-26 00:47:36 CEST.

Flavor Version Tinstall Tcheck Ttotal Status Flags
r-devel-linux-x86_64-debian-clang 0.17.3 2.45 49.29 51.74 NOTE
r-devel-linux-x86_64-debian-gcc 0.17.3 1.96 38.98 40.94 NOTE
r-devel-linux-x86_64-fedora-clang 0.17.3 42.96 NOTE
r-devel-linux-x86_64-fedora-gcc 0.17.3 43.07 NOTE
r-devel-windows-ix86+x86_64 0.17.3 11.00 63.00 74.00 OK
r-patched-linux-x86_64 0.17.3 2.15 46.82 48.97 OK
r-patched-solaris-x86 0.17.3 97.20 OK
r-release-linux-x86_64 0.17.3 1.56 46.99 48.55 OK
r-release-windows-ix86+x86_64 0.17.3 9.00 83.00 92.00 OK
r-release-osx-x86_64 0.17.3 ERROR
r-oldrel-windows-ix86+x86_64 0.17.3 4.00 77.00 81.00 OK
r-oldrel-osx-x86_64 0.17.3 ERROR

Check Details

Version: 0.17.3
Check: for non-standard things in the check directory
Result: NOTE
    Found the following files/directories:
     'res_mutation.tsv' 'res_mutationCounts.txt'
     'res_processContribution.txt' 'res_processes.txt'
Flavors: r-devel-linux-x86_64-debian-clang, r-devel-linux-x86_64-debian-gcc

Version: 0.17.3
Check: package dependencies
Result: NOTE
    Package suggested but not available for checking: ‘BSgenome.Hsapiens.UCSC.hg38’
Flavors: r-devel-linux-x86_64-fedora-clang, r-devel-linux-x86_64-fedora-gcc

Version: 0.17.3
Check: package dependencies
Result: ERROR
    Packages required but not available:
     'Biostrings', 'BSgenome', 'GenomeInfoDb', 'GenomicRanges', 'IRanges',
     'XVector'
    
    Package suggested but not available for checking: ‘BSgenome.Hsapiens.UCSC.hg38’
    
    See section ‘The DESCRIPTION file’ in the ‘Writing R Extensions’
    manual.
Flavor: r-release-osx-x86_64

Version: 0.17.3
Check: package dependencies
Result: ERROR
    Package required but not available: ‘BSgenome’
    
    Package suggested but not available for checking: ‘BSgenome.Hsapiens.UCSC.hg38’
    
    See section ‘The DESCRIPTION file’ in the ‘Writing R Extensions’
    manual.
Flavor: r-oldrel-osx-x86_64