CRAN Package Check Results for Package simode

Last updated on 2019-07-24 00:47:43 CEST.

Flavor Version Tinstall Tcheck Ttotal Status Flags
r-devel-linux-x86_64-debian-clang 1.1.4 5.03 41.48 46.51 OK
r-devel-linux-x86_64-debian-gcc 1.1.4 4.09 32.53 36.62 OK
r-devel-linux-x86_64-fedora-clang 1.1.4 58.15 NOTE
r-devel-linux-x86_64-fedora-gcc 1.1.4 54.61 NOTE
r-devel-windows-ix86+x86_64 1.1.4 9.00 73.00 82.00 OK
r-patched-linux-x86_64 1.1.4 5.29 41.57 46.86 OK
r-patched-solaris-x86 1.1.4 76.20 NOTE
r-release-linux-x86_64 1.1.4 4.69 41.89 46.58 OK
r-release-windows-ix86+x86_64 1.1.4 9.00 49.00 58.00 OK
r-release-osx-x86_64 1.1.4 NOTE
r-oldrel-windows-ix86+x86_64 1.1.4 11.00 46.00 57.00 OK
r-oldrel-osx-x86_64 1.1.4 NOTE

Check Details

Version: 1.1.4
Check: dependencies in R code
Result: NOTE
    Namespace in Imports field not imported from: ‘quadprog’
     All declared Imports should be used.
Flavors: r-devel-linux-x86_64-fedora-clang, r-devel-linux-x86_64-fedora-gcc, r-patched-solaris-x86, r-release-osx-x86_64, r-oldrel-osx-x86_64