CRAN Package Check Results for Package simode

Last updated on 2019-12-16 00:49:10 CET.

Flavor Version Tinstall Tcheck Ttotal Status Flags
r-devel-linux-x86_64-debian-clang 1.1.8 5.56 246.77 252.33 OK
r-devel-linux-x86_64-debian-gcc 1.1.8 5.10 168.05 173.15 OK
r-devel-linux-x86_64-fedora-clang 1.1.8 282.99 NOTE
r-devel-linux-x86_64-fedora-gcc 1.1.8 284.63 NOTE
r-devel-windows-ix86+x86_64 1.1.8 17.00 342.00 359.00 OK
r-devel-windows-ix86+x86_64-gcc8 1.1.8 12.00 298.00 310.00 OK
r-patched-linux-x86_64 1.1.8 5.09 206.26 211.35 OK
r-patched-solaris-x86 1.1.8 283.10 NOTE
r-release-linux-x86_64 1.1.8 5.00 207.40 212.40 OK
r-release-windows-ix86+x86_64 1.1.8 12.00 219.00 231.00 OK
r-release-osx-x86_64 1.1.8 NOTE
r-oldrel-windows-ix86+x86_64 1.1.8 9.00 234.00 243.00 OK
r-oldrel-osx-x86_64 1.1.8 NOTE

Check Details

Version: 1.1.8
Check: dependencies in R code
Result: NOTE
    Namespace in Imports field not imported from: ‘quadprog’
     All declared Imports should be used.
Flavors: r-devel-linux-x86_64-fedora-clang, r-devel-linux-x86_64-fedora-gcc, r-patched-solaris-x86, r-release-osx-x86_64, r-oldrel-osx-x86_64