CRAN Package Check Results for Package smacof

Last updated on 2019-06-26 00:47:49 CEST.

Flavor Version Tinstall Tcheck Ttotal Status Flags
r-devel-linux-x86_64-debian-clang 2.0-0 20.41 358.30 378.71 OK
r-devel-linux-x86_64-debian-gcc 2.0-0 15.33 264.45 279.78 OK
r-devel-linux-x86_64-fedora-clang 2.0-0 428.74 NOTE
r-devel-linux-x86_64-fedora-gcc 2.0-0 412.35 NOTE
r-devel-windows-ix86+x86_64 2.0-0 63.00 440.00 503.00 OK
r-patched-linux-x86_64 2.0-0 21.12 346.95 368.07 OK
r-patched-solaris-x86 2.0-0 559.00 NOTE
r-release-linux-x86_64 2.0-0 18.54 345.74 364.28 OK
r-release-windows-ix86+x86_64 2.0-0 46.00 562.00 608.00 OK
r-release-osx-x86_64 2.0-0 NOTE
r-oldrel-windows-ix86+x86_64 2.0-0 32.00 407.00 439.00 OK
r-oldrel-osx-x86_64 2.0-0 NOTE

Check Details

Version: 2.0-0
Check: data for non-ASCII characters
Result: NOTE
     Note: found 15 marked Latin-1 strings
     Note: found 2 marked UTF-8 strings
Flavors: r-devel-linux-x86_64-fedora-clang, r-devel-linux-x86_64-fedora-gcc, r-patched-solaris-x86, r-release-osx-x86_64, r-oldrel-osx-x86_64