CRAN Package Check Results for Package smacof

Last updated on 2019-09-21 00:52:53 CEST.

Flavor Version Tinstall Tcheck Ttotal Status Flags
r-devel-linux-x86_64-debian-clang 2.0-0 23.06 355.72 378.78 OK
r-devel-linux-x86_64-debian-gcc 2.0-0 15.80 266.45 282.25 OK
r-devel-linux-x86_64-fedora-clang 2.0-0 437.08 NOTE
r-devel-linux-x86_64-fedora-gcc 2.0-0 436.18 NOTE
r-devel-windows-ix86+x86_64 2.0-0 72.00 420.00 492.00 OK
r-patched-linux-x86_64 2.0-0 18.10 352.23 370.33 OK
r-patched-solaris-x86 2.0-0 599.20 NOTE
r-release-linux-x86_64 2.0-0 16.34 348.04 364.38 OK
r-release-windows-ix86+x86_64 2.0-0 49.00 549.00 598.00 OK
r-release-osx-x86_64 2.0-0 NOTE
r-oldrel-windows-ix86+x86_64 2.0-0 34.00 406.00 440.00 OK
r-oldrel-osx-x86_64 2.0-0 NOTE

Check Details

Version: 2.0-0
Check: data for non-ASCII characters
Result: NOTE
     Note: found 15 marked Latin-1 strings
     Note: found 2 marked UTF-8 strings
Flavors: r-devel-linux-x86_64-fedora-clang, r-devel-linux-x86_64-fedora-gcc, r-patched-solaris-x86, r-release-osx-x86_64, r-oldrel-osx-x86_64