CRAN Package Check Results for Package smoothAPC

Last updated on 2019-07-16 00:48:27 CEST.

Flavor Version Tinstall Tcheck Ttotal Status Flags
r-devel-linux-x86_64-debian-clang 0.3 10.10 85.67 95.77 OK
r-devel-linux-x86_64-debian-gcc 0.3 7.68 70.33 78.01 OK
r-devel-linux-x86_64-fedora-clang 0.3 112.61 NOTE
r-devel-linux-x86_64-fedora-gcc 0.3 113.62 NOTE
r-devel-windows-ix86+x86_64 0.3 25.00 92.00 117.00 OK
r-patched-linux-x86_64 0.3 9.79 87.22 97.01 OK
r-patched-solaris-x86 0.3 191.30 NOTE
r-release-linux-x86_64 0.3 9.48 86.49 95.97 OK
r-release-windows-ix86+x86_64 0.3 3.00 5.00 8.00 ERROR
r-release-osx-x86_64 0.3 WARN
r-oldrel-windows-ix86+x86_64 0.3 13.00 90.00 103.00 OK
r-oldrel-osx-x86_64 0.3 NOTE

Check Details

Version: 0.3
Check: dependencies in R code
Result: NOTE
    Namespaces in Imports field not imported from:
     ‘compiler’ ‘lmtest’
     All declared Imports should be used.
Flavors: r-devel-linux-x86_64-fedora-clang, r-devel-linux-x86_64-fedora-gcc, r-patched-solaris-x86, r-release-osx-x86_64, r-oldrel-osx-x86_64

Version: 0.3
Check: whether package can be installed
Result: ERROR
    Installation failed.
Flavor: r-release-windows-ix86+x86_64

Version: 0.3
Check: whether package can be installed
Result: WARN
    Found the following significant warnings:
     Warning: 'rgl_init' failed, running with rgl.useNULL = TRUE
Flavor: r-release-osx-x86_64