CRAN Package Check Results for Package smoothAPC

Last updated on 2019-05-25 00:50:51 CEST.

Flavor Version Tinstall Tcheck Ttotal Status Flags
r-devel-linux-x86_64-debian-clang 0.3 8.21 84.51 92.72 OK
r-devel-linux-x86_64-debian-gcc 0.3 8.15 70.97 79.12 OK
r-devel-linux-x86_64-fedora-clang 0.3 116.44 NOTE
r-devel-linux-x86_64-fedora-gcc 0.3 113.41 NOTE
r-devel-windows-ix86+x86_64 0.3 18.00 140.00 158.00 OK
r-patched-linux-x86_64 0.3 OK
r-patched-solaris-x86 0.3 208.70 NOTE
r-release-linux-x86_64 0.3 9.62 86.74 96.36 OK
r-release-windows-ix86+x86_64 0.3 25.00 107.00 132.00 OK
r-release-osx-x86_64 0.3 WARN
r-oldrel-windows-ix86+x86_64 0.3 14.00 99.00 113.00 OK
r-oldrel-osx-x86_64 0.3 NOTE

Check Details

Version: 0.3
Check: dependencies in R code
Result: NOTE
    Namespaces in Imports field not imported from:
     ‘compiler’ ‘lmtest’
     All declared Imports should be used.
Flavors: r-devel-linux-x86_64-fedora-clang, r-devel-linux-x86_64-fedora-gcc, r-patched-solaris-x86, r-release-osx-x86_64, r-oldrel-osx-x86_64

Version: 0.3
Check: whether package can be installed
Result: WARN
    Found the following significant warnings:
     Warning: 'rgl_init' failed, running with rgl.useNULL = TRUE
Flavor: r-release-osx-x86_64