CRAN Package Check Results for Package smoothAPC

Last updated on 2019-11-22 00:49:27 CET.

Flavor Version Tinstall Tcheck Ttotal Status Flags
r-devel-linux-x86_64-debian-clang 0.3 9.82 89.72 99.54 OK
r-devel-linux-x86_64-debian-gcc 0.3 8.52 87.43 95.95 OK
r-devel-linux-x86_64-fedora-clang 0.3 121.77 NOTE
r-devel-linux-x86_64-fedora-gcc 0.3 121.17 NOTE
r-devel-windows-ix86+x86_64 0.3 38.00 134.00 172.00 OK
r-devel-windows-ix86+x86_64-gcc8 0.3 23.00 105.00 128.00 OK
r-patched-linux-x86_64 0.3 8.92 88.11 97.03 OK
r-patched-solaris-x86 0.3 198.10 NOTE
r-release-linux-x86_64 0.3 9.30 89.59 98.89 OK
r-release-windows-ix86+x86_64 0.3 28.00 139.00 167.00 OK
r-release-osx-x86_64 0.3 WARN
r-oldrel-windows-ix86+x86_64 0.3 11.00 138.00 149.00 OK
r-oldrel-osx-x86_64 0.3 NOTE

Check Details

Version: 0.3
Check: dependencies in R code
Result: NOTE
    Namespaces in Imports field not imported from:
     ‘compiler’ ‘lmtest’
     All declared Imports should be used.
Flavors: r-devel-linux-x86_64-fedora-clang, r-devel-linux-x86_64-fedora-gcc, r-patched-solaris-x86, r-release-osx-x86_64, r-oldrel-osx-x86_64

Version: 0.3
Check: whether package can be installed
Result: WARN
    Found the following significant warnings:
     Warning: 'rgl_init' failed, running with rgl.useNULL = TRUE
Flavor: r-release-osx-x86_64