CRAN Package Check Results for Package sna

Last updated on 2019-02-20 00:55:27 CET.

Flavor Version Tinstall Tcheck Ttotal Status Flags
r-devel-linux-x86_64-debian-clang 2.4 21.80 114.00 135.80 OK
r-devel-linux-x86_64-debian-gcc 2.4 17.91 86.02 103.93 OK
r-devel-linux-x86_64-fedora-clang 2.4 165.42 NOTE
r-devel-linux-x86_64-fedora-gcc 2.4 158.14 NOTE
r-devel-windows-ix86+x86_64 2.4 56.00 142.00 198.00 OK
r-patched-linux-x86_64 2.4 OK
r-patched-solaris-x86 2.4 195.20 OK
r-release-linux-x86_64 2.4 21.11 105.83 126.94 OK
r-release-windows-ix86+x86_64 2.4 38.00 188.00 226.00 OK
r-release-osx-x86_64 2.4 OK
r-oldrel-windows-ix86+x86_64 2.4 34.00 214.00 248.00 OK
r-oldrel-osx-x86_64 2.4 OK

Check Details

Version: 2.4
Check: compiled code
Result: NOTE
    File ‘sna/libs/sna.so’:
     Found no calls to: ‘R_registerRoutines’, ‘R_useDynamicSymbols’
    
    It is good practice to register native routines and to disable symbol
    search.
    
    See ‘Writing portable packages’ in the ‘Writing R Extensions’ manual.
Flavors: r-devel-linux-x86_64-fedora-clang, r-devel-linux-x86_64-fedora-gcc