CRAN Package Check Results for Package sna

Last updated on 2018-12-13 00:47:29 CET.

Flavor Version Tinstall Tcheck Ttotal Status Flags
r-devel-linux-x86_64-debian-clang 2.4 21.49 107.70 129.19 OK
r-devel-linux-x86_64-debian-gcc 2.4 16.52 87.57 104.09 OK
r-devel-linux-x86_64-fedora-clang 2.4 155.18 NOTE
r-devel-linux-x86_64-fedora-gcc 2.4 158.53 NOTE
r-devel-windows-ix86+x86_64 2.4 54.00 150.00 204.00 OK
r-patched-linux-x86_64 2.4 17.87 107.40 125.27 OK
r-patched-solaris-x86 2.4 200.30 OK
r-release-linux-x86_64 2.4 19.35 109.34 128.69 OK
r-release-windows-ix86+x86_64 2.4 56.00 141.00 197.00 OK
r-release-osx-x86_64 2.4 OK
r-oldrel-windows-ix86+x86_64 2.4 28.00 209.00 237.00 OK
r-oldrel-osx-x86_64 2.4 OK

Check Details

Version: 2.4
Check: compiled code
Result: NOTE
    File ‘sna/libs/sna.so’:
     Found no calls to: ‘R_registerRoutines’, ‘R_useDynamicSymbols’
    
    It is good practice to register native routines and to disable symbol
    search.
    
    See ‘Writing portable packages’ in the ‘Writing R Extensions’ manual.
Flavors: r-devel-linux-x86_64-fedora-clang, r-devel-linux-x86_64-fedora-gcc