CRAN Package Check Results for Package sna

Last updated on 2019-06-26 00:47:49 CEST.

Flavor Version Tinstall Tcheck Ttotal Status Flags
r-devel-linux-x86_64-debian-clang 2.4 20.42 116.49 136.91 OK
r-devel-linux-x86_64-debian-gcc 2.4 18.62 87.04 105.66 OK
r-devel-linux-x86_64-fedora-clang 2.4 166.29 NOTE
r-devel-linux-x86_64-fedora-gcc 2.4 158.10 NOTE
r-devel-windows-ix86+x86_64 2.4 57.00 169.00 226.00 OK
r-patched-linux-x86_64 2.4 22.58 114.21 136.79 OK
r-patched-solaris-x86 2.4 223.50 OK
r-release-linux-x86_64 2.4 22.91 115.50 138.41 OK
r-release-windows-ix86+x86_64 2.4 46.00 212.00 258.00 OK
r-release-osx-x86_64 2.4 FAIL
r-oldrel-windows-ix86+x86_64 2.4 36.00 148.00 184.00 OK
r-oldrel-osx-x86_64 2.4 OK

Check Details

Version: 2.4
Check: compiled code
Result: NOTE
    File ‘sna/libs/sna.so’:
     Found no calls to: ‘R_registerRoutines’, ‘R_useDynamicSymbols’
    
    It is good practice to register native routines and to disable symbol
    search.
    
    See ‘Writing portable packages’ in the ‘Writing R Extensions’ manual.
Flavors: r-devel-linux-x86_64-fedora-clang, r-devel-linux-x86_64-fedora-gcc

Version: 2.4
Check: dependencies in R code
Result: FAIL
    
Flavor: r-release-osx-x86_64