CRAN Package Check Results for Package sna

Last updated on 2018-01-22 00:47:23 CET.

Flavor Version Tinstall Tcheck Ttotal Status Flags
r-devel-linux-x86_64-debian-clang 2.4 7.70 113.46 121.16 NOTE
r-devel-linux-x86_64-debian-gcc 2.4 7.42 92.87 100.29 NOTE
r-devel-linux-x86_64-fedora-clang 2.4 151.11 NOTE
r-devel-linux-x86_64-fedora-gcc 2.4 145.67 NOTE
r-devel-windows-ix86+x86_64 2.4 45.00 165.00 210.00 OK
r-patched-linux-x86_64 2.4 8.62 118.85 127.47 NOTE
r-patched-solaris-x86 2.4 183.50 OK
r-release-linux-x86_64 2.4 8.47 114.93 123.40 NOTE
r-release-windows-ix86+x86_64 2.4 40.00 194.00 234.00 OK
r-release-osx-x86_64 2.4 OK
r-oldrel-windows-ix86+x86_64 2.4 37.00 162.00 199.00 OK
r-oldrel-osx-x86_64 2.4 OK

Check Details

Version: 2.4
Check: compiled code
Result: NOTE
    File ‘sna/libs/sna.so’:
     Found no calls to: ‘R_registerRoutines’, ‘R_useDynamicSymbols’
    
    It is good practice to register native routines and to disable symbol
    search.
    
    See ‘Writing portable packages’ in the ‘Writing R Extensions’ manual.
Flavors: r-devel-linux-x86_64-debian-clang, r-devel-linux-x86_64-debian-gcc, r-devel-linux-x86_64-fedora-clang, r-devel-linux-x86_64-fedora-gcc, r-patched-linux-x86_64, r-release-linux-x86_64