CRAN Package Check Results for Package sna

Last updated on 2018-10-18 00:48:39 CEST.

Flavor Version Tinstall Tcheck Ttotal Status Flags
r-devel-linux-x86_64-debian-clang 2.4 23.05 109.62 132.67 OK
r-devel-linux-x86_64-debian-gcc 2.4 16.48 84.51 100.99 OK
r-devel-linux-x86_64-fedora-clang 2.4 157.36 NOTE
r-devel-linux-x86_64-fedora-gcc 2.4 154.77 NOTE
r-devel-windows-ix86+x86_64 2.4 58.00 150.00 208.00 OK
r-patched-linux-x86_64 2.4 17.36 108.00 125.36 OK
r-patched-solaris-x86 2.4 197.70 OK
r-release-linux-x86_64 2.4 18.92 107.30 126.22 OK
r-release-windows-ix86+x86_64 2.4 47.00 197.00 244.00 OK
r-release-osx-x86_64 2.4 OK
r-oldrel-windows-ix86+x86_64 2.4 38.00 170.00 208.00 OK
r-oldrel-osx-x86_64 2.4 OK

Check Details

Version: 2.4
Check: compiled code
Result: NOTE
    File ‘sna/libs/sna.so’:
     Found no calls to: ‘R_registerRoutines’, ‘R_useDynamicSymbols’
    
    It is good practice to register native routines and to disable symbol
    search.
    
    See ‘Writing portable packages’ in the ‘Writing R Extensions’ manual.
Flavors: r-devel-linux-x86_64-fedora-clang, r-devel-linux-x86_64-fedora-gcc