CRAN Package Check Results for Package snapshot

Last updated on 2019-07-16 00:48:27 CEST.

Flavor Version Tinstall Tcheck Ttotal Status Flags
r-devel-linux-x86_64-debian-clang 0.1.2 1.58 17.05 18.63 NOTE
r-devel-linux-x86_64-debian-gcc 0.1.2 1.15 14.03 15.18 NOTE
r-devel-linux-x86_64-fedora-clang 0.1.2 24.04 NOTE
r-devel-linux-x86_64-fedora-gcc 0.1.2 22.83 NOTE
r-devel-windows-ix86+x86_64 0.1.2 5.00 27.00 32.00 NOTE
r-patched-linux-x86_64 0.1.2 1.45 17.22 18.67 NOTE
r-patched-solaris-x86 0.1.2 38.80 NOTE
r-release-linux-x86_64 0.1.2 1.73 16.97 18.70 NOTE
r-release-windows-ix86+x86_64 0.1.2 5.00 40.00 45.00 NOTE
r-release-osx-x86_64 0.1.2 NOTE
r-oldrel-windows-ix86+x86_64 0.1.2 3.00 26.00 29.00 NOTE
r-oldrel-osx-x86_64 0.1.2 NOTE

Check Details

Version: 0.1.2
Check: DESCRIPTION meta-information
Result: NOTE
    Malformed Description field: should contain one or more complete sentences.
Flavors: r-devel-linux-x86_64-debian-clang, r-devel-linux-x86_64-debian-gcc, r-devel-linux-x86_64-fedora-clang, r-devel-linux-x86_64-fedora-gcc, r-devel-windows-ix86+x86_64, r-patched-linux-x86_64, r-patched-solaris-x86, r-release-linux-x86_64, r-release-windows-ix86+x86_64, r-release-osx-x86_64, r-oldrel-windows-ix86+x86_64, r-oldrel-osx-x86_64