CRAN Package Check Results for Package snapshot

Last updated on 2019-11-22 00:49:27 CET.

Flavor Version Tinstall Tcheck Ttotal Status Flags
r-devel-linux-x86_64-debian-clang 0.1.2 1.80 17.01 18.81 NOTE
r-devel-linux-x86_64-debian-gcc 0.1.2 1.53 14.48 16.01 NOTE
r-devel-linux-x86_64-fedora-clang 0.1.2 25.14 NOTE
r-devel-linux-x86_64-fedora-gcc 0.1.2 24.85 NOTE
r-devel-windows-ix86+x86_64 0.1.2 5.00 27.00 32.00 NOTE
r-devel-windows-ix86+x86_64-gcc8 0.1.2 7.00 29.00 36.00 NOTE
r-patched-linux-x86_64 0.1.2 1.50 17.11 18.61 NOTE
r-patched-solaris-x86 0.1.2 37.40 NOTE
r-release-linux-x86_64 0.1.2 1.47 17.25 18.72 NOTE
r-release-windows-ix86+x86_64 0.1.2 5.00 40.00 45.00 NOTE
r-release-osx-x86_64 0.1.2 NOTE
r-oldrel-windows-ix86+x86_64 0.1.2 3.00 26.00 29.00 NOTE
r-oldrel-osx-x86_64 0.1.2 NOTE

Check Details

Version: 0.1.2
Check: DESCRIPTION meta-information
Result: NOTE
    Malformed Description field: should contain one or more complete sentences.
Flavors: r-devel-linux-x86_64-debian-clang, r-devel-linux-x86_64-debian-gcc, r-devel-linux-x86_64-fedora-clang, r-devel-linux-x86_64-fedora-gcc, r-devel-windows-ix86+x86_64, r-devel-windows-ix86+x86_64-gcc8, r-patched-linux-x86_64, r-patched-solaris-x86, r-release-linux-x86_64, r-release-windows-ix86+x86_64, r-release-osx-x86_64, r-oldrel-windows-ix86+x86_64, r-oldrel-osx-x86_64