CRAN Package Check Results for Package solrium

Last updated on 2019-09-22 00:47:50 CEST.

Flavor Version Tinstall Tcheck Ttotal Status Flags
r-devel-linux-x86_64-debian-clang 1.0.2 8.16 48.05 56.21 OK
r-devel-linux-x86_64-debian-gcc 1.0.2 5.67 38.19 43.86 OK
r-devel-linux-x86_64-fedora-clang 1.0.2 69.16 OK
r-devel-linux-x86_64-fedora-gcc 1.0.2 69.13 OK
r-devel-windows-ix86+x86_64 1.0.2 21.00 69.00 90.00 OK
r-patched-linux-x86_64 1.0.2 6.68 47.30 53.98 OK
r-patched-solaris-x86 1.0.2 101.60 OK
r-release-linux-x86_64 1.0.2 7.75 47.10 54.85 OK
r-release-windows-ix86+x86_64 1.0.2 16.00 71.00 87.00 OK
r-release-osx-x86_64 1.0.2 NOTE
r-oldrel-windows-ix86+x86_64 1.0.2 8.00 68.00 76.00 OK
r-oldrel-osx-x86_64 1.0.2 OK

Check Details

Version: 1.0.2
Check: package dependencies
Result: NOTE
    Package suggested but not available for checking: ‘roxygen2’
Flavor: r-release-osx-x86_64