CRAN Package Check Results for Package soma

Last updated on 2020-02-23 00:49:00 CET.

Flavor Version Tinstall Tcheck Ttotal Status Flags
r-devel-linux-x86_64-debian-clang 1.1.1 1.93 17.84 19.77 NOTE
r-devel-linux-x86_64-debian-gcc 1.1.1 1.69 14.47 16.16 NOTE
r-devel-linux-x86_64-fedora-clang 1.1.1 26.07 NOTE
r-devel-linux-x86_64-fedora-gcc 1.1.1 25.11 NOTE
r-devel-windows-ix86+x86_64 1.1.1 5.00 31.00 36.00 NOTE
r-devel-windows-ix86+x86_64-gcc8 1.1.1 6.00 31.00 37.00 NOTE
r-patched-linux-x86_64 1.1.1 NOTE
r-patched-solaris-x86 1.1.1 36.60 NOTE
r-release-linux-x86_64 1.1.1 1.60 16.57 18.17 NOTE
r-release-windows-ix86+x86_64 1.1.1 4.00 31.00 35.00 NOTE
r-release-osx-x86_64 1.1.1 NOTE
r-oldrel-windows-ix86+x86_64 1.1.1 2.00 29.00 31.00 NOTE
r-oldrel-osx-x86_64 1.1.1 NOTE

Check Details

Version: 1.1.1
Check: R code for possible problems
Result: NOTE
    plot.soma: no visible global function definition for 'plot'
    soma: no visible global function definition for 'runif'
    Undefined global functions or variables:
     plot runif
    Consider adding
     importFrom("graphics", "plot")
     importFrom("stats", "runif")
    to your NAMESPACE file.
Flavors: r-devel-linux-x86_64-debian-clang, r-devel-linux-x86_64-debian-gcc, r-devel-linux-x86_64-fedora-clang, r-devel-linux-x86_64-fedora-gcc, r-devel-windows-ix86+x86_64, r-devel-windows-ix86+x86_64-gcc8, r-patched-linux-x86_64, r-patched-solaris-x86, r-release-linux-x86_64, r-release-windows-ix86+x86_64, r-release-osx-x86_64, r-oldrel-windows-ix86+x86_64, r-oldrel-osx-x86_64