CRAN Package Check Results for Package soma

Last updated on 2019-09-20 00:47:46 CEST.

Flavor Version Tinstall Tcheck Ttotal Status Flags
r-devel-linux-x86_64-debian-clang 1.1.1 1.71 16.22 17.93 NOTE
r-devel-linux-x86_64-debian-gcc 1.1.1 1.54 13.64 15.18 NOTE
r-devel-linux-x86_64-fedora-clang 1.1.1 23.96 NOTE
r-devel-linux-x86_64-fedora-gcc 1.1.1 22.96 NOTE
r-devel-windows-ix86+x86_64 1.1.1 6.00 29.00 35.00 NOTE
r-patched-linux-x86_64 1.1.1 1.58 16.29 17.87 NOTE
r-patched-solaris-x86 1.1.1 36.80 NOTE
r-release-linux-x86_64 1.1.1 1.54 16.74 18.28 NOTE
r-release-windows-ix86+x86_64 1.1.1 4.00 45.00 49.00 NOTE
r-release-osx-x86_64 1.1.1 NOTE
r-oldrel-windows-ix86+x86_64 1.1.1 2.00 29.00 31.00 NOTE
r-oldrel-osx-x86_64 1.1.1 NOTE

Check Details

Version: 1.1.1
Check: R code for possible problems
Result: NOTE
    plot.soma: no visible global function definition for 'plot'
    soma: no visible global function definition for 'runif'
    Undefined global functions or variables:
     plot runif
    Consider adding
     importFrom("graphics", "plot")
     importFrom("stats", "runif")
    to your NAMESPACE file.
Flavors: r-devel-linux-x86_64-debian-clang, r-devel-linux-x86_64-debian-gcc, r-devel-linux-x86_64-fedora-clang, r-devel-linux-x86_64-fedora-gcc, r-devel-windows-ix86+x86_64, r-patched-linux-x86_64, r-patched-solaris-x86, r-release-linux-x86_64, r-release-windows-ix86+x86_64, r-release-osx-x86_64, r-oldrel-windows-ix86+x86_64, r-oldrel-osx-x86_64