CRAN Package Check Results for Package somspace

Last updated on 2019-09-21 00:52:54 CEST.

Flavor Version Tinstall Tcheck Ttotal Status Flags
r-devel-linux-x86_64-debian-clang 1.0.0 8.75 54.93 63.68 NOTE
r-devel-linux-x86_64-debian-gcc 1.0.0 7.92 42.98 50.90 NOTE
r-devel-linux-x86_64-fedora-clang 1.0.0 78.64 OK
r-devel-linux-x86_64-fedora-gcc 1.0.0 77.73 OK
r-devel-windows-ix86+x86_64 1.0.0 33.00 67.00 100.00 NOTE
r-patched-linux-x86_64 1.0.0 8.26 51.77 60.03 OK
r-patched-solaris-x86 1.0.0 121.10 OK
r-release-linux-x86_64 1.0.0 8.20 51.44 59.64 OK
r-release-windows-ix86+x86_64 1.0.0 19.00 102.00 121.00 OK
r-release-osx-x86_64 1.0.0 OK
r-oldrel-windows-ix86+x86_64 1.0.0 10.00 68.00 78.00 OK
r-oldrel-osx-x86_64 1.0.0 OK

Check Details

Version: 1.0.0
Check: package vignettes
Result: NOTE
    Package vignette with placeholder title 'Vignette Title':
     'somspace.Rmd'
Flavors: r-devel-linux-x86_64-debian-clang, r-devel-linux-x86_64-debian-gcc, r-devel-windows-ix86+x86_64