CRAN Package Check Results for Package somspace

Last updated on 2020-02-21 00:49:55 CET.

Flavor Version Tinstall Tcheck Ttotal Status Flags
r-devel-linux-x86_64-debian-clang 1.0.0 9.23 60.46 69.69 NOTE
r-devel-linux-x86_64-debian-gcc 1.0.0 9.06 45.21 54.27 NOTE
r-devel-linux-x86_64-fedora-clang 1.0.0 85.92 OK
r-devel-linux-x86_64-fedora-gcc 1.0.0 80.29 OK
r-devel-windows-ix86+x86_64 1.0.0 20.00 75.00 95.00 NOTE
r-devel-windows-ix86+x86_64-gcc8 1.0.0 25.00 73.00 98.00 NOTE
r-patched-linux-x86_64 1.0.0 7.65 51.71 59.36 OK
r-patched-solaris-x86 1.0.0 121.40 OK
r-release-linux-x86_64 1.0.0 8.85 53.10 61.95 OK
r-release-windows-ix86+x86_64 1.0.0 16.00 67.00 83.00 OK
r-release-osx-x86_64 1.0.0 OK
r-oldrel-windows-ix86+x86_64 1.0.0 11.00 68.00 79.00 OK
r-oldrel-osx-x86_64 1.0.0 OK

Check Details

Version: 1.0.0
Check: package vignettes
Result: NOTE
    Package vignette with placeholder title 'Vignette Title':
     'somspace.Rmd'
Flavors: r-devel-linux-x86_64-debian-clang, r-devel-linux-x86_64-debian-gcc, r-devel-windows-ix86+x86_64, r-devel-windows-ix86+x86_64-gcc8