CRAN Package Check Results for Package spGARCH

Last updated on 2019-10-22 00:52:36 CEST.

Flavor Version Tinstall Tcheck Ttotal Status Flags
r-devel-linux-x86_64-debian-clang 0.2.0 76.16 78.34 154.50 OK
r-devel-linux-x86_64-debian-gcc 0.2.0 63.25 64.98 128.23 OK
r-devel-linux-x86_64-fedora-clang 0.2.0 200.65 NOTE
r-devel-linux-x86_64-fedora-gcc 0.2.0 210.44 OK
r-devel-windows-ix86+x86_64 0.2.0 121.00 171.00 292.00 OK
r-patched-linux-x86_64 0.2.0 72.46 80.80 153.26 OK
r-patched-solaris-x86 0.2.0 253.80 OK
r-release-linux-x86_64 0.2.0 68.83 81.68 150.51 OK
r-release-windows-ix86+x86_64 0.2.0 156.00 189.00 345.00 OK
r-release-osx-x86_64 0.2.0 NOTE
r-oldrel-windows-ix86+x86_64 0.2.0 113.00 117.00 230.00 OK
r-oldrel-osx-x86_64 0.2.0 NOTE

Check Details

Version: 0.2.0
Check: installed package size
Result: NOTE
     installed size is 22.6Mb
     sub-directories of 1Mb or more:
     libs 22.2Mb
Flavors: r-devel-linux-x86_64-fedora-clang, r-release-osx-x86_64, r-oldrel-osx-x86_64