CRAN Package Check Results for Package spGARCH

Last updated on 2019-07-16 00:48:28 CEST.

Flavor Version Tinstall Tcheck Ttotal Status Flags
r-devel-linux-x86_64-debian-clang 0.1.6 71.84 74.80 146.64 OK
r-devel-linux-x86_64-debian-gcc 0.1.6 66.26 62.14 128.40 OK
r-devel-linux-x86_64-fedora-clang 0.1.6 208.72 NOTE
r-devel-linux-x86_64-fedora-gcc 0.1.6 203.48 OK
r-devel-windows-ix86+x86_64 0.1.6 158.00 117.00 275.00 OK
r-patched-linux-x86_64 0.1.6 75.30 76.93 152.23 OK
r-patched-solaris-x86 0.1.6 238.00 OK
r-release-linux-x86_64 0.1.6 71.87 76.45 148.32 OK
r-release-windows-ix86+x86_64 0.1.6 122.00 155.00 277.00 OK
r-release-osx-x86_64 0.1.6 NOTE
r-oldrel-windows-ix86+x86_64 0.1.6 138.00 112.00 250.00 OK
r-oldrel-osx-x86_64 0.1.6 NOTE

Check Details

Version: 0.1.6
Check: installed package size
Result: NOTE
     installed size is 22.2Mb
     sub-directories of 1Mb or more:
     libs 22.0Mb
Flavors: r-devel-linux-x86_64-fedora-clang, r-release-osx-x86_64, r-oldrel-osx-x86_64