CRAN Package Check Results for Package spatstat

Last updated on 2019-06-26 00:47:50 CEST.

Flavor Version Tinstall Tcheck Ttotal Status Flags
r-devel-linux-x86_64-debian-clang 1.59-0 147.49 871.97 1019.46 OK --no-tests
r-devel-linux-x86_64-debian-gcc 1.60-1 127.09 669.10 796.19 OK --no-tests
r-devel-linux-x86_64-fedora-clang 1.60-1 1845.22 NOTE
r-devel-linux-x86_64-fedora-gcc 1.60-1 1145.04 OK
r-devel-windows-ix86+x86_64 1.60-1 395.00 517.00 912.00 NOTE --no-examples --no-tests --no-vignettes
r-patched-linux-x86_64 1.60-1 144.32 882.74 1027.06 OK --no-tests
r-patched-solaris-x86 1.60-1 2332.30 NOTE
r-release-linux-x86_64 1.60-1 148.00 880.21 1028.21 OK --no-tests
r-release-windows-ix86+x86_64 1.59-0 297.00 603.00 900.00 NOTE --no-examples --no-tests --no-vignettes
r-release-osx-x86_64 1.60-1 NOTE
r-oldrel-windows-ix86+x86_64 1.60-1 242.00 380.00 622.00 NOTE --no-examples --no-tests --no-vignettes
r-oldrel-osx-x86_64 1.60-1 NOTE

Check Details

Version: 1.60-1
Check: installed package size
Result: NOTE
     installed size is 18.1Mb
     sub-directories of 1Mb or more:
     R 5.2Mb
     doc 4.9Mb
     help 5.1Mb
     libs 2.0Mb
Flavors: r-devel-linux-x86_64-fedora-clang, r-patched-solaris-x86, r-release-osx-x86_64, r-oldrel-osx-x86_64

Version: 1.60-1
Flags: --no-examples --no-tests --no-vignettes
Check: installed package size
Result: NOTE
     installed size is 17.4Mb
     sub-directories of 1Mb or more:
     R 5.2Mb
     doc 4.9Mb
     help 5.2Mb
     libs 1.2Mb
Flavors: r-devel-windows-ix86+x86_64, r-oldrel-windows-ix86+x86_64

Version: 1.59-0
Flags: --no-examples --no-tests --no-vignettes
Check: installed package size
Result: NOTE
     installed size is 17.3Mb
     sub-directories of 1Mb or more:
     R 5.1Mb
     doc 4.9Mb
     help 5.1Mb
     libs 1.2Mb
Flavor: r-release-windows-ix86+x86_64

Version: 1.60-1
Check: package dependencies
Result: NOTE
    Package suggested but not available for checking: ‘rpanel’
Flavors: r-release-osx-x86_64, r-oldrel-osx-x86_64