CRAN Package Check Results for Package spatstat

Last updated on 2019-12-16 00:49:10 CET.

Flavor Version Tinstall Tcheck Ttotal Status Flags
r-devel-linux-x86_64-debian-clang 1.62-2 165.58 992.47 1158.05 OK --no-tests
r-devel-linux-x86_64-debian-gcc 1.62-2 135.80 736.30 872.10 OK --no-tests
r-devel-linux-x86_64-fedora-clang 1.62-2 2142.28 NOTE
r-devel-linux-x86_64-fedora-gcc 1.62-2 2155.97 OK
r-devel-windows-ix86+x86_64 1.62-2 355.00 662.00 1017.00 NOTE --no-examples --no-tests --no-vignettes
r-devel-windows-ix86+x86_64-gcc8 1.61-0 295.00 681.00 976.00 NOTE --no-examples --no-tests --no-vignettes
r-patched-linux-x86_64 1.62-2 140.31 899.33 1039.64 OK --no-tests
r-patched-solaris-x86 1.62-2 2468.30 NOTE
r-release-linux-x86_64 1.62-2 139.02 896.63 1035.65 OK --no-tests
r-release-windows-ix86+x86_64 1.62-2 412.00 560.00 972.00 NOTE --no-examples --no-tests --no-vignettes
r-release-osx-x86_64 1.62-2 NOTE
r-oldrel-windows-ix86+x86_64 1.62-2 350.00 399.00 749.00 NOTE --no-examples --no-tests --no-vignettes
r-oldrel-osx-x86_64 1.62-2 ERROR

Check Details

Version: 1.62-2
Check: installed package size
Result: NOTE
     installed size is 18.5Mb
     sub-directories of 1Mb or more:
     R 5.3Mb
     doc 4.9Mb
     help 5.2Mb
     libs 2.1Mb
Flavors: r-devel-linux-x86_64-fedora-clang, r-patched-solaris-x86, r-release-osx-x86_64, r-oldrel-osx-x86_64

Version: 1.62-2
Flags: --no-examples --no-tests --no-vignettes
Check: installed package size
Result: NOTE
     installed size is 17.6Mb
     sub-directories of 1Mb or more:
     R 5.3Mb
     doc 4.9Mb
     help 5.2Mb
     libs 1.2Mb
Flavors: r-devel-windows-ix86+x86_64, r-release-windows-ix86+x86_64, r-oldrel-windows-ix86+x86_64

Version: 1.61-0
Flags: --no-examples --no-tests --no-vignettes
Check: installed package size
Result: NOTE
     installed size is 17.4Mb
     sub-directories of 1Mb or more:
     R 5.2Mb
     doc 4.9Mb
     help 5.2Mb
     libs 1.2Mb
Flavor: r-devel-windows-ix86+x86_64-gcc8

Version: 1.62-2
Check: package dependencies
Result: NOTE
    Package suggested but not available for checking: ‘rpanel’
Flavors: r-release-osx-x86_64, r-oldrel-osx-x86_64

Version: 1.62-2
Check: dependencies in R code
Result: NOTE
    No protocol specified
    No protocol specified
Flavors: r-release-osx-x86_64, r-oldrel-osx-x86_64

Version: 1.62-2
Flags: --no-examples --no-tests --no-vignettes
Check: R code for possible problems
Result: NOTE
    uniquemap.matrix: no visible global function definition for 'asplit'
    Undefined global functions or variables:
     asplit
Flavor: r-oldrel-windows-ix86+x86_64

Version: 1.62-2
Check: R code for possible problems
Result: NOTE
    uniquemap.matrix: no visible global function definition for ‘asplit’
    Undefined global functions or variables:
     asplit
Flavor: r-oldrel-osx-x86_64

Version: 1.62-2
Check: tests
Result: ERROR
     Running ‘testsAtoD.R’ [60s/60s]
    Running the tests in ‘tests/testsAtoD.R’ failed.
    Last 13 lines of output:
     + if(!isTRUE(all.equal(u4, uc4)))
     + stop("Inconsistency between algorithms in uniquemap.matrix")
     +
     + ## uniquemap.default
     + a <- letters[c(1, 1:4, 3:2)]
     + checkum(a, "<character>")
     + checkum(as.list(a), "<list>")
     + u1 <- uniquemap(a)
     + u2 <- uniquemap(as.list(a))
     + if(!isTRUE(all.equal(u1, u2)))
     + stop("Inconsistency between algorithms in uniquemap.default")
     + })
     Error in asplit(x, 2) : could not find function "asplit"
     Calls: local ... eval -> eval -> checkum -> uniquemap -> uniquemap.matrix
     Execution halted
Flavor: r-oldrel-osx-x86_64