CRAN Package Check Results for Package spatstat

Last updated on 2020-07-11 00:49:03 CEST.

Flavor Version Tinstall Tcheck Ttotal Status Flags
r-devel-linux-x86_64-debian-clang 1.64-1 164.73 1016.37 1181.10 OK --no-tests
r-devel-linux-x86_64-debian-gcc 1.64-1 144.89 754.62 899.51 OK --no-tests
r-devel-linux-x86_64-fedora-clang 1.64-1 1922.63 NOTE
r-devel-linux-x86_64-fedora-gcc 1.64-1 1883.44 OK
r-devel-windows-ix86+x86_64 1.64-1 285.00 499.00 784.00 NOTE --no-examples --no-tests --no-vignettes
r-patched-linux-x86_64 1.64-1 167.10 1020.81 1187.91 OK --no-tests
r-patched-solaris-x86 1.64-1 2657.90 NOTE
r-release-linux-x86_64 1.64-1 158.35 1019.83 1178.18 OK --no-tests
r-release-osx-x86_64 1.64-1 NOTE
r-release-windows-ix86+x86_64 1.64-1 307.00 651.00 958.00 NOTE --no-examples --no-tests --no-vignettes
r-oldrel-osx-x86_64 1.64-1 NOTE
r-oldrel-windows-ix86+x86_64 1.64-1 396.00 563.00 959.00 NOTE --no-examples --no-tests --no-vignettes

Check Details

Version: 1.64-1
Check: installed package size
Result: NOTE
     installed size is 19.9Mb
     sub-directories of 1Mb or more:
     R 5.3Mb
     doc 6.1Mb
     help 5.3Mb
     libs 2.2Mb
Flavors: r-devel-linux-x86_64-fedora-clang, r-patched-solaris-x86, r-release-osx-x86_64, r-oldrel-osx-x86_64

Version: 1.64-1
Flags: --no-examples --no-tests --no-vignettes
Check: installed package size
Result: NOTE
     installed size is 18.9Mb
     sub-directories of 1Mb or more:
     R 5.3Mb
     doc 6.0Mb
     help 5.3Mb
     libs 1.3Mb
Flavors: r-devel-windows-ix86+x86_64, r-release-windows-ix86+x86_64, r-oldrel-windows-ix86+x86_64

Version: 1.64-1
Check: dependencies in R code
Result: NOTE
    No protocol specified
    No protocol specified
Flavor: r-oldrel-osx-x86_64