CRAN Package Check Results for Package spatstat.local

Last updated on 2019-12-16 00:49:10 CET.

Flavor Version Tinstall Tcheck Ttotal Status Flags
r-devel-linux-x86_64-debian-clang 3.6-0 12.42 139.96 152.38 OK
r-devel-linux-x86_64-debian-gcc 3.6-0 10.75 103.67 114.42 OK
r-devel-linux-x86_64-fedora-clang 3.6-0 178.44 OK
r-devel-linux-x86_64-fedora-gcc 3.6-0 179.79 OK
r-devel-windows-ix86+x86_64 3.6-0 24.00 192.00 216.00 OK
r-devel-windows-ix86+x86_64-gcc8 3.6-0 22.00 195.00 217.00 OK
r-patched-linux-x86_64 3.6-0 11.96 122.43 134.39 OK
r-patched-solaris-x86 3.6-0 259.70 OK
r-release-linux-x86_64 3.6-0 11.16 123.11 134.27 OK
r-release-windows-ix86+x86_64 3.6-0 2.00 4.00 6.00 ERROR
r-release-osx-x86_64 3.6-0 OK
r-oldrel-windows-ix86+x86_64 3.6-0 13.00 141.00 154.00 OK
r-oldrel-osx-x86_64 3.6-0 OK

Check Details

Version: 3.6-0
Check: whether package can be installed
Result: ERROR
    Installation failed.
Flavor: r-release-windows-ix86+x86_64