CRAN Package Check Results for Package speaq

Last updated on 2019-11-22 00:49:27 CET.

Flavor Version Tinstall Tcheck Ttotal Status Flags
r-devel-linux-x86_64-debian-clang 2.6.0 0.82 2.57 3.39 ERROR
r-devel-linux-x86_64-debian-gcc 2.6.0 8.28 162.91 171.19 OK
r-devel-linux-x86_64-fedora-clang 2.6.0 2.35 ERROR
r-devel-linux-x86_64-fedora-gcc 2.6.0 253.82 OK
r-devel-windows-ix86+x86_64 2.6.0 29.00 576.00 605.00 OK
r-devel-windows-ix86+x86_64-gcc8 2.6.0 20.00 573.00 593.00 OK
r-patched-linux-x86_64 2.6.0 8.36 205.13 213.49 OK
r-patched-solaris-x86 2.6.0 1085.00 OK
r-release-linux-x86_64 2.6.0 8.92 207.07 215.99 OK
r-release-windows-ix86+x86_64 2.6.0 27.00 702.00 729.00 OK
r-release-osx-x86_64 2.6.0 OK
r-oldrel-windows-ix86+x86_64 2.6.0 14.00 480.00 494.00 OK
r-oldrel-osx-x86_64 2.6.0 OK

Check Details

Version: 2.6.0
Check: package dependencies
Result: ERROR
    Package required but not available: 'Rfast'
    
    See section 'The DESCRIPTION file' in the 'Writing R Extensions'
    manual.
Flavors: r-devel-linux-x86_64-debian-clang, r-devel-linux-x86_64-fedora-clang