CRAN Package Check Results for Package speaq

Last updated on 2019-07-16 00:48:27 CEST.

Flavor Version Tinstall Tcheck Ttotal Status Flags
r-devel-linux-x86_64-debian-clang 2.6.0 8.28 219.28 227.56 OK
r-devel-linux-x86_64-debian-gcc 2.6.0 7.20 154.40 161.60 OK
r-devel-linux-x86_64-fedora-clang 2.6.0 224.32 OK
r-devel-linux-x86_64-fedora-gcc 2.6.0 161.82 OK
r-devel-windows-ix86+x86_64 2.6.0 30.00 485.00 515.00 OK
r-patched-linux-x86_64 2.6.0 9.18 211.24 220.42 OK
r-patched-solaris-x86 2.6.0 1027.40 OK
r-release-linux-x86_64 2.6.0 8.87 203.21 212.08 OK
r-release-windows-ix86+x86_64 2.6.0 18.00 704.00 722.00 OK
r-release-osx-x86_64 2.6.0 ERROR
r-oldrel-windows-ix86+x86_64 2.6.0 20.00 506.00 526.00 OK
r-oldrel-osx-x86_64 2.6.0 OK

Check Details

Version: 2.6.0
Check: package dependencies
Result: ERROR
    Packages required but not available: 'MassSpecWavelet', 'impute'
    
    See section ‘The DESCRIPTION file’ in the ‘Writing R Extensions’
    manual.
Flavor: r-release-osx-x86_64