CRAN Package Check Results for Package spectralGraphTopology

Last updated on 2019-10-22 00:52:36 CEST.

Flavor Version Tinstall Tcheck Ttotal Status Flags
r-devel-linux-x86_64-debian-clang 0.2.0 50.81 49.71 100.52 OK
r-devel-linux-x86_64-debian-gcc 0.2.0 35.04 43.95 78.99 OK
r-devel-linux-x86_64-fedora-clang 0.2.0 136.57 NOTE
r-devel-linux-x86_64-fedora-gcc 0.2.0 119.67 OK
r-devel-windows-ix86+x86_64 0.2.0 89.00 135.00 224.00 NOTE
r-patched-linux-x86_64 0.2.0 41.03 42.49 83.52 OK
r-patched-solaris-x86 0.2.0 139.90 OK
r-release-linux-x86_64 0.2.0 38.45 49.64 88.09 OK
r-release-windows-ix86+x86_64 0.2.0 113.00 134.00 247.00 NOTE
r-release-osx-x86_64 0.2.0 NOTE
r-oldrel-windows-ix86+x86_64 0.2.0 82.00 96.00 178.00 NOTE
r-oldrel-osx-x86_64 0.2.0 NOTE

Check Details

Version: 0.2.0
Check: installed package size
Result: NOTE
     installed size is 6.1Mb
     sub-directories of 1Mb or more:
     doc 3.1Mb
     libs 2.6Mb
Flavors: r-devel-linux-x86_64-fedora-clang, r-devel-windows-ix86+x86_64, r-release-windows-ix86+x86_64, r-release-osx-x86_64, r-oldrel-windows-ix86+x86_64, r-oldrel-osx-x86_64