CRAN Package Check Results for Package sphereplot

Last updated on 2019-11-22 00:49:27 CET.

Flavor Version Tinstall Tcheck Ttotal Status Flags
r-devel-linux-x86_64-debian-clang 1.5 3.48 34.41 37.89 NOTE
r-devel-linux-x86_64-debian-gcc 1.5 3.05 28.33 31.38 NOTE
r-devel-linux-x86_64-fedora-clang 1.5 46.83 NOTE
r-devel-linux-x86_64-fedora-gcc 1.5 46.72 NOTE
r-devel-windows-ix86+x86_64 1.5 19.00 60.00 79.00 NOTE
r-devel-windows-ix86+x86_64-gcc8 1.5 11.00 50.00 61.00 NOTE
r-patched-linux-x86_64 1.5 3.01 33.64 36.65 NOTE
r-patched-solaris-x86 1.5 65.60 NOTE
r-release-linux-x86_64 1.5 3.41 33.47 36.88 NOTE
r-release-windows-ix86+x86_64 1.5 12.00 76.00 88.00 NOTE
r-release-osx-x86_64 1.5 WARN
r-oldrel-windows-ix86+x86_64 1.5 4.00 70.00 74.00 NOTE
r-oldrel-osx-x86_64 1.5 NOTE

Check Details

Version: 1.5
Check: dependencies in R code
Result: NOTE
    Package in Depends field not imported from: 'rgl'
     These packages need to be imported from (in the NAMESPACE file)
     for when this namespace is loaded but not attached.
Flavors: r-devel-linux-x86_64-debian-clang, r-devel-linux-x86_64-debian-gcc, r-devel-linux-x86_64-fedora-clang, r-devel-linux-x86_64-fedora-gcc, r-devel-windows-ix86+x86_64, r-devel-windows-ix86+x86_64-gcc8, r-patched-linux-x86_64, r-patched-solaris-x86, r-release-linux-x86_64, r-release-windows-ix86+x86_64, r-release-osx-x86_64, r-oldrel-windows-ix86+x86_64, r-oldrel-osx-x86_64

Version: 1.5
Check: R code for possible problems
Result: NOTE
    pointsphere: no visible global function definition for 'runif'
    rgl.sphMW: no visible global function definition for 'plot3d'
    rgl.sphcirc: no visible global function definition for 'rotate3d'
    rgl.sphcirc: no visible global function definition for 'lines3d'
    rgl.sphgrid: no visible global function definition for 'open3d'
    rgl.sphgrid: no visible global function definition for 'plot3d'
    rgl.sphgrid: no visible global function definition for 'lines3d'
    rgl.sphgrid: no visible global function definition for 'text3d'
    rgl.sphpoints: no visible global function definition for 'points3d'
    rgl.sphsun: no visible global function definition for 'plot3d'
    rgl.sphtext: no visible global function definition for 'text3d'
    Undefined global functions or variables:
     lines3d open3d plot3d points3d rotate3d runif text3d
    Consider adding
     importFrom("stats", "runif")
    to your NAMESPACE file.
Flavors: r-devel-linux-x86_64-debian-clang, r-devel-linux-x86_64-debian-gcc, r-devel-linux-x86_64-fedora-clang, r-devel-linux-x86_64-fedora-gcc, r-devel-windows-ix86+x86_64, r-devel-windows-ix86+x86_64-gcc8, r-patched-linux-x86_64, r-patched-solaris-x86, r-release-linux-x86_64, r-release-windows-ix86+x86_64, r-release-osx-x86_64, r-oldrel-windows-ix86+x86_64, r-oldrel-osx-x86_64

Version: 1.5
Check: whether package can be installed
Result: WARN
    Found the following significant warnings:
     Warning: 'rgl_init' failed, running with rgl.useNULL = TRUE
Flavor: r-release-osx-x86_64