CRAN Package Check Results for Package sptemExp

Last updated on 2019-07-16 00:48:28 CEST.

Flavor Version Tinstall Tcheck Ttotal Status Flags
r-devel-linux-x86_64-debian-clang 0.1.4 86.27 67.35 153.62 OK
r-devel-linux-x86_64-debian-gcc 0.1.4 74.03 54.17 128.20 OK
r-devel-linux-x86_64-fedora-clang 0.1.4 229.53 NOTE
r-devel-linux-x86_64-fedora-gcc 0.1.4 208.69 NOTE
r-devel-windows-ix86+x86_64 0.1.4 225.00 200.00 425.00 NOTE
r-patched-linux-x86_64 0.1.4 89.54 68.13 157.67 OK
r-patched-solaris-x86 0.1.4 207.30 NOTE
r-release-linux-x86_64 0.1.4 84.65 67.87 152.52 OK
r-release-windows-ix86+x86_64 0.1.4 162.00 150.00 312.00 NOTE
r-release-osx-x86_64 0.1.4 NOTE
r-oldrel-windows-ix86+x86_64 0.1.4 217.00 188.00 405.00 NOTE
r-oldrel-osx-x86_64 0.1.4 NOTE

Check Details

Version: 0.1.4
Check: installed package size
Result: NOTE
     installed size is 17.1Mb
     sub-directories of 1Mb or more:
     data 3.4Mb
     libs 12.9Mb
Flavors: r-devel-linux-x86_64-fedora-clang, r-devel-windows-ix86+x86_64, r-release-windows-ix86+x86_64, r-release-osx-x86_64, r-oldrel-windows-ix86+x86_64, r-oldrel-osx-x86_64

Version: 0.1.4
Check: dependencies in R code
Result: NOTE
    Namespaces in Imports field not imported from:
     ‘BayesX’ ‘BayesXsrc’ ‘automap’ ‘plyr’ ‘rgdal’ ‘splines’
     All declared Imports should be used.
Flavors: r-devel-linux-x86_64-fedora-clang, r-devel-linux-x86_64-fedora-gcc, r-patched-solaris-x86, r-release-osx-x86_64, r-oldrel-osx-x86_64