CRAN Package Check Results for Package sptemExp

Last updated on 2019-10-22 00:52:36 CEST.

Flavor Version Tinstall Tcheck Ttotal Status Flags
r-devel-linux-x86_64-debian-clang 0.1.4 97.81 65.54 163.35 OK
r-devel-linux-x86_64-debian-gcc 0.1.4 72.30 53.32 125.62 OK
r-devel-linux-x86_64-fedora-clang 0.1.4 226.43 NOTE
r-devel-linux-x86_64-fedora-gcc 0.1.4 218.08 NOTE
r-devel-windows-ix86+x86_64 0.1.4 186.00 204.00 390.00 NOTE
r-patched-linux-x86_64 0.1.4 84.32 66.90 151.22 OK
r-patched-solaris-x86 0.1.4 231.90 NOTE
r-release-linux-x86_64 0.1.4 82.86 66.82 149.68 OK
r-release-windows-ix86+x86_64 0.1.4 221.00 143.00 364.00 NOTE
r-release-osx-x86_64 0.1.4 NOTE
r-oldrel-windows-ix86+x86_64 0.1.4 161.00 127.00 288.00 NOTE
r-oldrel-osx-x86_64 0.1.4 NOTE

Check Details

Version: 0.1.4
Check: installed package size
Result: NOTE
     installed size is 17.4Mb
     sub-directories of 1Mb or more:
     data 3.4Mb
     libs 13.2Mb
Flavors: r-devel-linux-x86_64-fedora-clang, r-devel-windows-ix86+x86_64, r-release-windows-ix86+x86_64, r-release-osx-x86_64, r-oldrel-windows-ix86+x86_64, r-oldrel-osx-x86_64

Version: 0.1.4
Check: dependencies in R code
Result: NOTE
    Namespaces in Imports field not imported from:
     ‘BayesX’ ‘BayesXsrc’ ‘automap’ ‘plyr’ ‘rgdal’ ‘splines’
     All declared Imports should be used.
Flavors: r-devel-linux-x86_64-fedora-clang, r-devel-linux-x86_64-fedora-gcc, r-patched-solaris-x86, r-release-osx-x86_64, r-oldrel-osx-x86_64